Rapporti sul clima in stile NOAA


Report for 2017 Maggio
                   Monthly Climatological Summary for mag 2017

Name: Meteo Massone   City: Massone - Arco ( TN )   State: Italia
Elevation: 130 m  Lat: N 45° 55' 24"   Lon: E 010° 54' 03"

                  Temperature (°C), Rain (mm), Wind Speed (km/h)

                                      Heat  Cool        Avg
    Mean                              Deg   Deg         Wind                 Dom
Day Temp  High   Time   Low    Time   Days  Days  Rain  Speed High   Time    Dir
----------------------------------------------------------------------------------
 1  10,5  16,3   13:25   7,6   22:21   7,8   0,0  11,7   2,0  27,0   13:51   NNE
 2  11,7  18,4   18:49   5,6   06:09   6,5   0,0   6,2   4,9  34,0   14:54   SSE
 3  11,4  16,0   16:14   8,9   05:20   6,9   0,0  14,8   2,7  17,0   09:29    NE
 4  11,5  15,0   16:51   8,9   04:18   6,8   0,0   6,7   2,5  26,0   13:46     S
 5  14,2  19,4   12:19   8,7   06:45   4,2   0,1   0,0   5,2  31,0   18:05   SSE
 6  12,6  16,7   13:12  10,0   03:18   5,7   0,0  13,0   1,7  21,0   17:28   NNE
 7  13,0  16,8   12:39   9,8   05:49   5,3   0,0   1,0   2,1  24,0   17:36     S
 8  15,0  19,4   13:25  11,3   00:00   3,3   0,0   0,0   3,2  23,0   15:11     S
 9  15,2  18,6   13:45  12,0   02:51   3,1   0,0   0,0   7,2  39,0   15:21     S
10  14,9  17,6   15:31  12,6   08:37   3,4   0,0   0,0  11,0  41,0   15:55     S
11  14,9  17,4   14:28  11,9   06:17   3,5   0,0   0,3   3,0  26,0   00:01     S
12  15,9  20,6   17:41  12,2   06:37   2,7   0,3  10,4   3,4  28,0   17:43     S
13  17,9  23,6   17:21  13,1   05:02   1,8   1,4   1,6   4,4  28,0   13:52     S
14  18,8  23,3   17:40  14,3   03:25   1,1   1,6   0,0   3,9  27,0   12:58     S
15  19,4  24,6   12:33  14,1   08:04   1,0   2,2   6,5   5,7  31,0   13:52   SSE
16  18,7  24,6   16:26  12,7   04:44   1,9   2,3   0,0   4,9  26,0   14:24   SSE
17  20,4  25,4   16:30  15,0   05:09   0,9   3,0   0,0   5,0  31,0   16:47     S
18  21,4  24,6   15:41  18,4   06:16   0,0   3,1   0,0   2,9  17,0   19:09   SSO
19  17,2  20,7   12:43  13,4   23:49   1,5   0,4  10,4   2,6  38,0   15:03   ESE
20  15,8  20,9   13:49  11,4   05:43   2,7   0,2   1,3   3,0  29,0   14:24     S
21  19,8  26,4   13:44  13,6   04:56   1,1   2,5   0,0   5,2  34,0   14:29   SSE
22  19,6  25,3   16:06  13,7   05:28   1,4   2,8   0,0   5,3  34,0   17:32   SSE
23  21,1  27,1   16:10  14,9   06:25   0,7   3,5   0,0   3,0  21,0   16:48     S
24  22,2  27,8   12:55  17,3   04:51   0,1   4,0   0,0   3,7  32,0   23:30   ENE
25  21,3  24,4   00:00  17,1   07:28   0,1   3,0   0,0   8,0  34,0   14:49   SSE
26  20,4  24,0   17:17  16,1   05:45   0,3   2,4   0,0   6,1  31,0   18:15     S
27  21,1  26,3   15:48  14,9   04:47   0,7   3,5   0,0   4,5  33,0   18:38     S
28  22,7  28,3   16:39  16,9   06:22   0,1   4,6   0,0   4,8  31,0   16:11     S
29  22,8  27,9   16:10  16,8   04:51   0,2   4,7   0,0   4,7  35,0   16:10     S
30  23,3  28,3   17:02  17,7   05:51   0,0   5,0   0,0   4,0  28,0   13:28     S
31  24,1  28,9   15:31  18,4   06:01   0,0   5,8   0,0   6,3  32,0   15:03     S
----------------------------------------------------------------------------------
    17,7  28,9    31     5,6     2    74,8  56,4  83,9   4,4  41,0    10     SSE

Max >=  30,0:  0
Max <=  25,0: 21
Min <=   0,0:  0
Min <=  -5,0:  0
Max Rain: 14,8 on day 3
Days of Rain: 12 (>= 0,2 mm)  8 (>= 2,0 mm)  0 (>= 20,0 mm)
Heat Base: 18,3  Cool Base: 18,3  Method: Integration