Rapporti sul clima in stile NOAA


Report for 2017 Giugno
                   Monthly Climatological Summary for giu 2017

Name: Meteo Massone   City: Massone - Arco ( TN )   State: Italia
Elevation: 130 m  Lat: N 45° 55' 24"   Lon: E 010° 54' 03"

                  Temperature (°C), Rain (mm), Wind Speed (km/h)

                                      Heat  Cool        Avg
    Mean                              Deg   Deg         Wind                 Dom
Day Temp  High   Time   Low    Time   Days  Days  Rain  Speed High   Time    Dir
----------------------------------------------------------------------------------
 1  22,9  27,6   17:36  17,5   06:16   0,0   4,6   0,0   5,2  33,0   16:16     S
 2  22,9  27,2   16:01  18,6   05:44   0,0   4,6   0,0   3,9  32,0   13:48     S
 3  22,7  27,2   11:55  18,2   05:23   0,0   4,4   0,0   3,6  26,0   12:11     S
 4  22,3  27,5   17:30  18,9   06:33   0,0   4,0   0,3   2,9  28,0   16:18   NNO
 5  20,4  25,9   14:34  16,7   23:51   0,1   2,2  12,4   4,9  29,0   07:26     N
 6  17,5  20,8   15:47  15,8   23:27   1,1   0,2  15,5   1,9  22,0   17:48     E
 7  19,5  24,4   16:07  13,3   08:20   1,1   2,3   0,0   5,9  32,0   15:23   SSE
 8  19,1  23,2   16:49  13,3   05:38   1,0   1,9   0,0   5,8  31,0   14:47   SSE
 9  19,9  25,1   18:06  13,8   05:11   1,2   2,8   0,0   4,3  26,0   15:58     S
10  22,4  27,1   16:19  17,3   03:28   0,2   4,3   0,0   4,4  29,0   12:33     S
11  23,1  28,3   17:10  17,7   05:08   0,0   4,9   0,0   5,0  38,0   14:51     S
12  24,5  29,4   16:30  18,4   05:50   0,0   6,2   0,0   4,7  28,0   16:45     S
13  25,2  29,7   16:35  20,1   05:31   0,0   6,9   0,0   4,2  28,0   16:38     S
14  23,5  28,4   14:38  19,3   22:51   0,0   5,2  11,4   3,2  27,0   17:28   SSE
15  22,9  26,7   14:26  18,5   06:01   0,0   4,6   0,0   4,1  26,0   14:00     S
16  25,4  30,3   17:09  20,5   05:44   0,0   7,1   0,0   3,6  21,0   01:49   SSE
17  27,0  31,2   13:02  22,8   07:06   0,0   8,7   0,0   6,8  30,0   03:45     E
18  23,6  27,0   17:16  18,4   06:23   0,0   5,3   0,0   8,6  34,0   17:57   SSE
19  23,7  28,3   16:05  18,8   05:52   0,0   5,4   0,0   5,1  30,0   19:54     S
20  25,2  30,2   16:42  18,9   05:53   0,0   6,9   0,0   5,1  31,0   15:30     S
21  26,6  31,0   17:40  21,4   04:31   0,0   8,3   0,0   5,6  32,0   18:12     S
22  26,6  30,8   12:11  21,4   05:52   0,0   8,3   0,0   4,6  28,0   00:18     S
23  27,9  31,8   18:53  23,6   04:55   0,0   9,6   0,0   4,5  29,0   14:34     S
24  27,5  30,3   13:24  23,4   05:51   0,0   9,2   0,3   5,0  27,0   12:44     S
25  22,9  27,6   15:46  18,1   09:01   0,0   4,6  50,2   3,2  31,0   08:08     N
26  24,1  29,4   17:51  18,4   05:49   0,0   5,8   0,0   5,8  27,0   14:53   SSE
27  23,0  27,3   18:49  18,9   05:54   0,0   4,7   3,4   1,5  14,0   12:55   ENE
28  21,0  28,0   13:12  15,2   23:38   0,5   3,2  30,8   3,6  62,0   18:45    NE
29  18,3  24,4   15:47  14,8   04:20   1,2   1,2  19,2   6,1  42,0   15:00   SSE
30  19,7  23,8   13:21  15,9   05:30   0,6   1,9   0,0   6,1  35,0   14:04   SSE
----------------------------------------------------------------------------------
    23,0  31,8    23    13,3     7     7,0 149,3 143,5   4,6  62,0    28     SSE

Max >=  30,0:  7
Max <=  25,0:  5
Min <=   0,0:  0
Min <=  -5,0:  0
Max Rain: 50,2 on day 25
Days of Rain: 9 (>= 0,2 mm)  7 (>= 2,0 mm)  2 (>= 20,0 mm)
Heat Base: 18,3  Cool Base: 18,3  Method: Integration