Rapporti sul clima in stile NOAA


Report for 2017 Luglio
                   Monthly Climatological Summary for lug 2017

Name: Meteo Massone   City: Massone - Arco ( TN )   State: Italia
Elevation: 130 m  Lat: N 45° 55' 24"   Lon: E 010° 54' 03"

                  Temperature (°C), Rain (mm), Wind Speed (km/h)

                                      Heat  Cool        Avg
    Mean                              Deg   Deg         Wind                 Dom
Day Temp  High   Time   Low    Time   Days  Days  Rain  Speed High   Time    Dir
----------------------------------------------------------------------------------
 1  19,2  25,2   16:19  13,3   05:37   1,4   2,3   0,0   6,2  33,0   14:52   SSE
 2  20,7  26,7   13:44  14,8   06:10   0,6   3,0   0,0   3,8  24,0   14:28   ESE
 3  23,1  28,4   16:10  16,8   06:31   0,2   5,0   0,0   4,4  30,0   14:40     S
 4  23,8  27,9   15:32  18,3   05:56   0,0   5,5   0,0   5,8  32,0   15:20     S
 5  24,0  29,1   16:46  19,9   21:50   0,0   5,7  18,9   5,2  33,0   19:11     S
 6  24,8  30,3   17:41  19,1   05:53   0,0   6,5   0,0   3,8  22,0   15:01     S
 7  25,3  31,3   15:53  20,9   04:54   0,0   7,0   1,8   3,2  24,0   11:59     S
 8  26,6  31,9   17:35  21,4   06:30   0,0   8,3  10,6   5,2  40,0   23:06   SSE
 9  25,0  31,4   15:35  19,3   06:00   0,0   6,8   0,0   3,9  33,0   00:07   SSE
10  24,7  29,3   17:15  19,7   05:30   0,0   6,4  25,1   6,1  30,0   15:02   SSE
11  23,1  28,3   14:49  18,3   06:09   0,0   4,8   0,0   6,5  51,0   17:52   SSE
12  23,7  28,4   17:38  18,4   05:37   0,0   5,4   0,0   6,4  36,0   15:58     S
13  25,8  31,1   12:46  20,7   08:00   0,0   7,5   0,0   5,7  32,0   15:26   SSE
14  22,2  24,9   00:00  18,9   07:15   0,0   3,9   8,0   4,6  33,0   13:35   SSE
15  23,4  29,1   13:58  17,8   06:52   0,0   5,2   0,0   3,9  28,0   23:50   ESE
16  22,5  26,1   17:22  15,9   07:07   0,2   4,4   0,0   7,8  31,0   17:36   SSE
17  22,3  27,4   17:24  16,1   06:17   0,4   4,4   0,0   4,8  30,0   18:48     S
18  24,2  29,9   15:52  18,2   06:48   0,0   5,9   0,0   5,1  31,0   16:25     S
19  25,0  29,8   17:17  19,1   05:24   0,0   6,7   0,0   5,1  28,0   17:04   SSE
20  25,3  29,9   15:53  20,4   04:25   0,0   7,0   0,0   6,7  35,0   17:16   SSE
21  25,9  30,9   14:09  20,5   06:46   0,0   7,6   0,0   4,4  22,0   14:23   ESE
22  26,0  31,2   13:47  21,8   05:18   0,0   7,7   0,0   6,2  30,0   02:49   ESE
23  25,9  30,4   15:18  20,6   06:03   0,0   7,6   0,0   6,8  36,0   17:17     S
24  20,7  25,0   00:04  17,1   23:51   0,1   2,5  22,5   5,1  40,0   05:21   NNE
25  19,6  26,1   14:33  14,5   05:18   1,0   2,4   3,6   3,1  32,0   15:10     E
26  20,4  25,9   17:34  14,4   05:30   0,9   3,1   0,0   3,0  32,0   22:45    NE
27  22,7  28,0   13:57  16,0   07:16   0,2   4,6   0,0   4,0  29,0   01:38     E
28  23,4  28,6   16:39  17,7   05:53   0,0   5,1   0,0   5,0  33,0   16:05     S
29  24,6  29,7   16:49  19,1   06:15   0,0   6,3   0,0   3,8  55,0   23:58     S
30  23,4  28,7   13:34  18,4   02:31   0,0   5,1   9,3   5,9  63,0   00:08   SSE
31  25,2  30,7   14:01  19,9   06:23   0,0   6,9   0,0   4,3  23,0   00:29   SSE
----------------------------------------------------------------------------------
    23,6  31,9     8    13,3     1     5,0 170,6  99,8   5,0  63,0    30     SSE

Max >=  30,0:  9
Max <=  25,0:  2
Min <=   0,0:  0
Min <=  -5,0:  0
Max Rain: 25,1 on day 10
Days of Rain: 8 (>= 0,2 mm)  7 (>= 2,0 mm)  2 (>= 20,0 mm)
Heat Base: 18,3  Cool Base: 18,3  Method: Integration