Rapporti sul clima in stile NOAA


Report for 2017 Agosto
                   Monthly Climatological Summary for ago 2017

Name: Meteo Massone   City: Massone - Arco ( TN )   State: Italia
Elevation: 130 m  Lat: N 45° 55' 24"   Lon: E 010° 54' 03"

                  Temperature (°C), Rain (mm), Wind Speed (km/h)

                                      Heat  Cool        Avg
    Mean                              Deg   Deg         Wind                 Dom
Day Temp  High   Time   Low    Time   Days  Days  Rain  Speed High   Time    Dir
----------------------------------------------------------------------------------
 1  27,1  32,9   15:54  21,6   06:49   0,0   8,8   0,0   3,5  22,0   13:21   SSE
 2  28,1  33,6   17:09  22,9   06:41   0,0   9,8   0,0   4,0  30,0   16:29     S
 3  28,5  34,0   16:26  22,8   04:57   0,0  10,2   0,0   3,9  25,0   15:58     S
 4  29,1  34,1   17:01  23,6   06:45   0,0  10,8   0,0   5,7  31,0   19:15   SSE
 5  29,3  34,2   14:45  23,9   06:21   0,0  11,0   0,0   3,7  30,0   16:16     S
 6  25,1  31,3   11:19  18,9   13:01   0,0   6,8  15,5   5,7  64,0   12:25    NE
 7  23,4  28,0   16:01  18,0   07:01   0,0   5,1   0,0   5,0  30,0   02:46   SSE
 8  23,9  29,7   16:50  18,8   06:09   0,0   5,6   0,0   3,0  27,0   13:46     S
 9  24,7  32,2   16:18  20,3   05:53   0,0   6,4   0,5   4,6  36,0   19:47    NE
10  21,1  27,8   14:24  18,2   23:58   0,0   2,9  61,9   4,8  30,0   18:27   NNE
11  19,7  25,4   14:42  16,2   06:35   0,5   1,9   0,5   5,1  35,0   18:33    SE
12  21,3  28,8   14:21  17,0   08:00   0,2   3,2   0,0   6,7  36,0   05:47    NE
13  21,8  27,6   16:53  16,0   08:08   0,3   3,8   0,0   4,7  25,0   14:22    SE
14  23,0  28,4   16:48  17,8   07:50   0,0   4,7   0,0   3,8  32,0   14:46     S
15  23,6  29,7   16:31  17,9   05:27   0,0   5,3   0,0   3,0  22,0   14:06   SSE
16  24,3  29,6   17:18  19,8   07:04   0,0   6,0   0,0   2,8  24,0   15:23   NNE
17  25,4  30,4   13:08  20,4   07:31   0,0   7,1   0,0   4,2  19,0   14:05   ESE
18  26,0  31,6   18:07  20,8   07:01   0,0   7,7   0,0   3,0  23,0   14:57     S
19  23,7  28,3   17:18  18,0   23:49   0,0   5,4   5,7   5,7  41,0   19:33   NNE
20  21,7  28,4   15:37  16,3   07:46   0,2   3,6   0,0   4,2  34,0   04:15    NE
21  20,5  25,4   16:29  15,3   07:36   0,5   2,7   0,0   3,8  25,0   15:06     S
22  19,9  24,0   17:46  15,7   04:11   0,5   2,1   0,0   3,2  24,0   14:44     S
23  21,3  26,6   16:40  16,5   04:24   0,4   3,4   0,0   3,9  26,0   13:48   SSE
24  23,2  28,6   17:00  17,3   07:54   0,2   5,0   0,0   4,1  27,0   18:59     S
25  24,7  28,9   15:53  19,9   07:45   0,0   6,4   0,0   3,9  24,0   15:31     S
26  25,2  31,1   16:26  20,3   06:56   0,0   6,9   0,0   4,8  41,0   20:02     E
27  25,7  32,6   15:02  19,6   07:00   0,0   7,4   0,0   5,3  26,0   20:01   NNE
28  24,4  30,8   14:54  21,3   23:22   0,0   6,1   5,4   3,1  27,0   15:48    NE
29  23,0  27,7   15:34  19,0   05:51   0,0   4,7   0,0   3,9  26,0   16:43     S
30  23,3  29,1   17:35  17,9   06:44   0,0   5,0   0,0   3,1  25,0   16:03     S
31  23,3  27,7   17:01  19,7   04:00   0,0   5,0   0,0   2,7  31,0   17:14   SSO
----------------------------------------------------------------------------------
    24,0  34,2     5    15,3    21     2,8 180,8  89,5   4,1  64,0     6      SE

Max >=  30,0: 12
Max <=  25,0:  1
Min <=   0,0:  0
Min <=  -5,0:  0
Max Rain: 61,9 on day 10
Days of Rain: 6 (>= 0,2 mm)  4 (>= 2,0 mm)  1 (>= 20,0 mm)
Heat Base: 18,3  Cool Base: 18,3  Method: Integration