Rapporti sul clima in stile NOAA


Report for 2017 Settembre
                   Monthly Climatological Summary for set 2017

Name: Meteo Massone   City: Massone - Arco ( TN )   State: Italia
Elevation: 130 m  Lat: N 45° 55' 24"   Lon: E 010° 54' 03"

                  Temperature (°C), Rain (mm), Wind Speed (km/h)

                                      Heat  Cool        Avg
    Mean                              Deg   Deg         Wind                 Dom
Day Temp  High   Time   Low    Time   Days  Days  Rain  Speed High   Time    Dir
----------------------------------------------------------------------------------
 1  21,4  25,4   14:54  15,9   23:53   0,2   3,4   4,7   5,4  32,0   06:12   SSE
 2  15,8  20,9   11:42  12,4   23:27   2,7   0,2   9,8   3,6  30,0   15:57   NNE
 3  17,0  23,4   14:42  12,6   00:00   2,5   1,2   0,0   3,4  25,0   14:12   NNE
 4  17,7  22,6   15:04  13,4   01:46   1,8   1,2   0,0   3,8  24,0   15:06    SE
 5  19,6  24,8   16:57  14,4   07:13   0,8   2,2   0,0   3,2  24,0   14:53   SSE
 6  20,6  24,9   17:10  16,2   07:07   0,5   2,8   0,0   2,9  23,0   13:11     S
 7  21,1  25,6   12:53  18,3   23:56   0,0   2,8   0,0   3,1  27,0   12:56     S
 8  19,8  22,9   17:22  16,9   06:19   0,2   1,7   0,3   5,1  32,0   15:18     S
 9  19,1  24,7   15:58  15,6   06:40   0,7   1,4   6,2   4,2  31,0   14:20     S
10  16,2  18,1   12:30  15,4   05:13   2,1   0,0  15,3   1,6  17,0   14:48   NNE
11  17,3  21,3   16:32  14,7   04:48   1,5   0,5   0,8   0,8  10,0   14:31     E
12  15,7  18,4   16:33  12,0   23:16   2,6   0,0  43,8   4,7  41,0   13:21   NNE
13  15,3  21,1   17:57  10,6   02:44   3,4   0,4   0,0   2,9  21,0   13:26     S
14  16,2  18,5   12:16  13,6   02:00   2,1   0,0   4,7   3,2  30,0   23:44   SSO
15  15,4  18,7   14:09  10,8   08:38   2,9   0,0   1,8   3,6  35,0   00:56    NE
16  15,0  19,3   16:45  13,0   07:29   3,3   0,0   3,4   3,5  31,0   14:08   SSO
17  13,5  20,1   14:52  10,8   21:39   4,9   0,1  27,2   3,5  25,0   16:38   NNE
18  13,2  18,2   15:00   9,4   07:13   5,1   0,0   2,9   1,5  21,0   00:17   ENE
19  12,8  15,8   16:13  11,0   23:52   5,5   0,0   1,3   0,6  14,0   07:06    NE
20  15,7  22,2   16:09   9,5   06:51   3,6   1,0   0,0   5,0  31,0   11:21   NNE
21  15,2  22,1   14:41   9,6   07:00   3,7   0,6   0,0   3,9  23,0   15:16   ESE
22  15,1  20,8   15:50  10,4   05:44   3,6   0,5   0,0   3,4  20,0   15:37   SSE
23  15,8  20,8   16:14  11,2   07:54   2,9   0,4   0,0   2,1  18,0   13:10   SSO
24  17,2  22,5   13:49  14,8   08:18   1,5   0,4   0,3   3,5  35,0   14:18   SSE
25  16,6  20,6   13:42  14,1   05:01   2,0   0,3   0,0   2,9  29,0   14:02   SSE
26  16,0  20,9   16:11  12,2   06:13   2,8   0,5   0,0   3,1  27,0   15:47     S
27  16,4  22,4   13:10  12,0   07:28   2,8   0,8   0,0   2,8  23,0   14:04   SSE
28  16,7  21,4   13:21  12,5   06:02   2,3   0,6   0,0   2,2  25,0   14:20   SSE
29  17,4  20,0   13:16  15,4   23:24   1,2   0,3   0,0   2,9  24,0   14:10     S
30  16,0  17,9   14:25  14,4   01:59   2,3   0,0   0,0   2,5  22,0   13:03     S
----------------------------------------------------------------------------------
    16,7  25,6     7     9,4    18    71,5  23,3 122,5   3,2  41,0    12      SE

Max >=  30,0:  0
Max <=  25,0: 28
Min <=   0,0:  0
Min <=  -5,0:  0
Max Rain: 43,8 on day 12
Days of Rain: 14 (>= 0,2 mm)  9 (>= 2,0 mm)  2 (>= 20,0 mm)
Heat Base: 18,3  Cool Base: 18,3  Method: Integration