Rapporti sul clima in stile NOAA


Report for 2017 Ottobre
                   Monthly Climatological Summary for ott 2017

Name: Meteo Massone   City: Massone - Arco ( TN )   State: Italia
Elevation: 130 m  Lat: N 45° 55' 24"   Lon: E 010° 54' 03"

                  Temperature (°C), Rain (mm), Wind Speed (km/h)

                                      Heat  Cool        Avg
    Mean                              Deg   Deg         Wind                 Dom
Day Temp  High   Time   Low    Time   Days  Days  Rain  Speed High   Time    Dir
----------------------------------------------------------------------------------
 1  14,5  15,8   13:07  13,4   23:17   3,8   0,0   1,8   1,3  18,0   14:28     S
 2  15,5  19,4   13:43  11,7   08:25   3,0   0,1   0,0   3,6  25,0   15:11     S
 3  15,9  18,0   13:34  13,9   08:03   2,4   0,0   0,0   1,9  24,0   13:41   SSO
 4  15,0  20,1   14:47  10,7   07:53   3,4   0,1   0,0   2,0  16,0   14:59     S
 5  16,1  21,8   16:50  10,9   07:01   2,9   0,7   0,0   3,7  30,0   17:13     S
 6  17,6  23,6   14:08  13,1   06:18   1,9   1,2   0,0   6,3  35,0   17:09   NNE
 7  13,8  20,3   13:25   8,2   06:01   4,6   0,2   0,0   3,8  23,0   15:59   ENE
 8  14,3  19,7   15:24  11,3   01:02   4,2   0,2   0,0   2,3  20,0   12:58     S
 9  13,9  19,3   13:12   9,0   07:17   4,5   0,1   0,0   3,2  24,0   14:09     S
10  14,4  19,7   13:17  10,1   07:02   4,0   0,2   0,0   2,6  23,0   14:09     S
11  15,9  18,8   12:28  13,3   08:13   2,4   0,0   0,0   1,8  19,0   16:36   SSO
12  16,3  20,8   13:08  13,1   23:33   2,4   0,4   0,0   2,5  18,0   13:23     S
13  15,1  20,9   14:40  11,0   07:45   3,6   0,4   0,0   2,6  18,0   14:01     S
14  15,3  21,5   14:37  10,8   06:33   3,7   0,6   0,0   2,0  19,0   14:18     S
15  15,9  23,1   13:53  11,3   04:52   3,2   0,9   0,0   2,4  20,0   13:53     S
16  16,3  23,8   14:19  11,6   03:43   3,1   1,1   0,0   1,8  16,0   13:27     S
17  15,2  21,7   14:00  11,1   06:10   3,6   0,5   0,0   1,5  16,0   14:27     S
18  14,2  20,1   13:08   9,4   07:47   4,3   0,2   0,0   2,5  22,0   15:30   SSO
19  13,5  18,7   13:27   9,7   07:33   4,8   0,0   0,0   2,9  29,0   14:33     S
20  13,1  16,7   14:07   9,1   07:30   5,2   0,0   0,0   3,8  23,0   11:51     S
21  14,4  16,9   13:04  12,4   07:49   3,9   0,0   0,0   2,8  25,0   13:47     S
22  12,9  14,7   00:00   9,4   23:52   5,4   0,0   8,5   1,7  41,0   18:37   NNE
23  12,4  20,4   15:14   6,4   05:16   6,1   0,2   0,0   3,8  33,0   17:05   NNE
24  14,1  22,4   16:00   7,3   05:07   5,0   0,7   0,0   4,7  32,0   16:16   NNE
25  13,6  18,8   12:46   9,3   07:25   4,7   0,0   0,0   2,6  20,0   00:08    SE
26  12,7  19,1   13:19   9,3   05:46   5,6   0,0   0,0   1,8  15,0   13:36   SSE
27  13,7  19,3   19:07   9,2   07:55   4,6   0,0   0,0   3,3  33,0   19:04     N
28  11,6  15,9   13:24   8,0   08:38   6,7   0,0   0,0   2,0  19,0   07:50    NE
29  11,6  17,1   23:59   7,4   01:45   7,0   0,0   0,0   2,8  28,0   23:42   NNE
30  14,4  19,2   13:42   8,8   23:58   4,0   0,0   0,0   5,4  31,0   00:38   ENE
31   9,9  15,8   13:46   5,9   03:29   8,4   0,0   0,0   2,3  19,0   15:23    SE
----------------------------------------------------------------------------------
    14,3  23,8    16     5,9    31   132,4   7,8  10,3   2,8  41,0    22      SE

Max >=  30,0:  0
Max <=  25,0: 31
Min <=   0,0:  0
Min <=  -5,0:  0
Max Rain: 8,5 on day 22
Days of Rain: 2 (>= 0,2 mm)  1 (>= 2,0 mm)  0 (>= 20,0 mm)
Heat Base: 18,3  Cool Base: 18,3  Method: Integration