Rapporti sul clima in stile NOAA


Report for 2017 Novembre
                   Monthly Climatological Summary for nov 2017

Name: Meteo Massone   City: Massone - Arco ( TN )   State: Italia
Elevation: 130 m  Lat: N 45° 55' 24"   Lon: E 010° 54' 03"

                  Temperature (°C), Rain (mm), Wind Speed (km/h)

                                      Heat  Cool        Avg
    Mean                              Deg   Deg         Wind                 Dom
Day Temp  High   Time   Low    Time   Days  Days  Rain  Speed High   Time    Dir
----------------------------------------------------------------------------------
 1   9,3  14,8   12:40   5,3   05:47   9,0   0,0   0,0   1,6  19,0   08:25     S
 2   9,1  12,7   14:24   6,3   06:59   9,2   0,0   0,0   0,7  12,0   14:36   SSE
 3  10,4  17,3   13:30   6,3   06:16   7,9   0,0   0,0   2,1  21,0   14:45   SSE
 4  10,5  13,4   13:36   7,4   02:22   7,8   0,0   0,0   0,7  13,0   08:22   NNE
 5  11,0  12,8   10:07   8,8   22:59   7,3   0,0  35,0   3,6  32,0   21:17   NNE
 6  10,7  12,8   16:15   8,0   01:59   7,6   0,0   1,8   9,3  39,0   10:51   NNE
 7  10,6  12,1   09:21   8,6   23:05   7,7   0,0   2,3   5,8  37,0   03:41    NE
 8   9,6  14,6   13:46   5,9   07:16   8,7   0,0   0,0   1,7  18,0   21:34    NE
 9   9,8  13,9   14:43   7,9   22:12   8,5   0,0   1,6   0,7  12,0   15:09     E
10   8,7  13,1   14:08   4,7   06:20   9,6   0,0   0,0   2,0  20,0   09:13    NE
11   8,5  11,9   14:31   4,9   06:58   9,8   0,0   0,0   2,3  16,0   02:32     E
12   8,4  10,6   11:38   5,9   08:14   9,9   0,0  18,6   3,8  35,0   22:33     S
13   9,6  11,3   15:58   6,1   00:47   8,7   0,0   4,9  13,6  64,0   06:02     N
14   9,8  14,3   13:48   4,9   22:36   8,5   0,0   0,0   8,0  44,0   01:00     N
15   7,3  13,4   13:49   3,1   06:34  11,0   0,0   0,0   2,2  14,0   13:04    NE
16   8,3  13,9   13:26   5,1   23:34  10,0   0,0   0,0   1,7  13,0   13:47     S
17   7,5  13,6   12:50   3,9   06:43  10,8   0,0   0,0   1,7  16,0   13:38     S
18   7,1  13,1   13:15   3,6   07:31  11,2   0,0   0,0   1,9  19,0   13:23   SSO
19   7,4  13,1   14:15   2,8   06:00  10,9   0,0   0,0   3,3  26,0   20:32    NE
20   6,3  12,6   14:44   2,4   07:28  12,1   0,0   0,0   2,3  22,0   00:16    NE
21   5,9  11,8   13:22   2,0   07:29  12,4   0,0   0,0   1,9  17,0   13:51     E
22   6,0  11,1   13:41   2,5   07:36  12,3   0,0   0,0   1,2  16,0   13:08     S
23   7,9  12,1   12:39   5,6   06:22  10,4   0,0   0,0   1,2  11,0   12:50   NNE
24   7,4  13,1   13:39   3,8   07:42  10,9   0,0   0,0   1,7  16,0   14:27    NE
25   6,9   7,6   21:19   6,4   11:09  11,4   0,0  12,7   0,6   9,0   12:34    NE
26   8,6  12,2   12:26   3,1   23:53   9,7   0,0   0,0   6,0  32,0   07:48     N
27   4,1  10,6   14:48   1,0   08:48  14,2   0,0   0,0   2,2  20,0   04:26    NE
28   2,6   5,1   14:36  -0,4   06:35  15,7   0,0   0,0   1,1  18,0   21:46    NE
29   3,4   4,3   09:55   2,8   23:46  14,9   0,0   1,0   0,5  17,0   10:57     E
30   4,2  10,1   14:33   0,9   22:42  14,1   0,0   1,0   2,1  28,0   12:54     N
----------------------------------------------------------------------------------
     7,9  17,3     3    -0,4    28   312,2   0,0  78,9   2,9  64,0    13     NNE

Max >=  30,0:  0
Max <=  25,0: 30
Min <=   0,0:  1
Min <=  -5,0:  0
Max Rain: 35,0 on day 5
Days of Rain: 9 (>= 0,2 mm)  5 (>= 2,0 mm)  1 (>= 20,0 mm)
Heat Base: 18,3  Cool Base: 18,3  Method: Integration