Rapporti sul clima in stile NOAA


Report for 2017 Dicembre
                   Monthly Climatological Summary for dic 2017

Name: Meteo Massone   City: Massone - Arco ( TN )   State: Italia
Elevation: 130 m  Lat: N 45° 55' 24"   Lon: E 010° 54' 03"

                  Temperature (°C), Rain (mm), Wind Speed (km/h)

                                      Heat  Cool        Avg
    Mean                              Deg   Deg         Wind                 Dom
Day Temp  High   Time   Low    Time   Days  Days  Rain  Speed High   Time    Dir
----------------------------------------------------------------------------------
 1   2,1   5,3   14:40  -0,7   07:19  16,2   0,0   0,0   1,8  16,0   00:27    NE
 2   3,7   6,7   14:42   0,4   22:30  14,6   0,0   0,0   4,0  36,0   07:32    NE
 3   1,4   7,1   14:04  -1,6   07:52  16,9   0,0   0,0   2,3  22,0   06:15    NE
 4   1,4   6,5   14:15  -1,6   05:38  16,9   0,0   0,0   2,2  17,0   20:18   NNE
 5   3,7  11,8   13:49   0,7   00:49  14,6   0,0   0,0   2,2  23,0   02:39   NNE
 6   4,1  11,1   14:04   0,9   07:17  14,2   0,0   0,0   1,2  14,0   02:04    NE
 7   2,8   8,3   13:28  -0,2   07:35  15,5   0,0   0,0   1,4  13,0   13:45     S
 8   3,7   5,8   13:08   1,3   06:36  14,6   0,0   0,0   1,0  13,0   06:46    NE
 9   4,4   8,2   13:23  -0,6   23:40  13,9   0,0   0,0   4,0  23,0   12:01   NNE
10  -1,0   0,6   11:36  -3,2   06:16  19,3   0,0   0,0   1,7  23,0   07:48    NE
11   1,3   4,9   20:27  -1,1   00:00  17,0   0,0  69,9   1,2  19,0   19:09   NNE
12   7,4  11,8   03:47   2,7   22:17  10,9   0,0  10,9   7,6  46,0   02:21   SSE
13   6,0   9,7   14:42   2,6   00:37  12,3   0,0   0,0   4,4  30,0   23:14   SSE
14   5,2   6,4   00:00   4,3   06:40  13,1   0,0   0,0   1,8  20,0   00:13   SSE
15   4,7   7,1   14:31   3,0   21:43  13,6   0,0   0,0   1,7  30,0   23:18    NE
16   3,0   6,9   15:04  -0,2   23:44  15,3   0,0   0,0   2,7  27,0   00:08    NE
17   2,1   8,4   14:24  -1,1   06:00  16,2   0,0   0,0   1,8  13,0   14:28    NE
18   0,8   5,6   14:19  -2,0   23:59  17,5   0,0   0,0   1,5  14,0   08:47    NE
19   0,5   5,6   13:58  -2,1   00:01  17,8   0,0   0,0   2,3  17,0   02:28    NE
20   1,1   6,4   13:39  -1,4   04:56  17,2   0,0   0,0   1,6  17,0   08:59   NNE
21   1,1   6,8   13:46  -2,4   04:02  17,2   0,0   0,0   1,6  15,0   11:49   NNE
22   2,3   6,0   12:13  -0,2   00:00  16,0   0,0   0,0   1,8  39,0   22:35   NNE
23   5,7  12,4   12:40   2,2   05:07  12,6   0,0   0,0   2,4  21,0   08:57   NNE
24   6,6  13,7   14:47   2,1   23:37  11,7   0,0   0,0   2,3  18,0   05:06    NE
25   3,3   9,3   13:23   0,2   08:02  15,0   0,0   0,0   1,2  12,0   13:52     O
26   4,1   6,4   12:32   2,1   03:52  14,2   0,0   3,6   1,0  14,0   01:29   ESE
27   4,1   5,6   10:24   3,3   17:03  14,2   0,0  45,1   2,5  23,0   11:30   NNE
28   6,3   8,1   13:40   3,3   03:30  12,0   0,0   0,3   7,9  35,0   05:43   NNE
29   4,1   7,4   14:39   0,3   23:24  14,2   0,0   0,0   5,1  27,0   10:18   NNE
30   1,8   6,5   14:36  -0,5   04:59  16,5   0,0   0,0   2,3  15,0   13:57   NNE
31   2,6   6,7   13:43  -1,0   06:12  15,7   0,0   0,0   1,6  16,0   13:55   ESE
----------------------------------------------------------------------------------
     3,2  13,7    24    -3,2    10   466,9   0,0 129,8   2,5  46,0    12      NE

Max >=  30,0:  0
Max <=  25,0: 31
Min <=   0,0: 16
Min <=  -5,0:  0
Max Rain: 69,9 on day 11
Days of Rain: 5 (>= 0,2 mm)  4 (>= 2,0 mm)  2 (>= 20,0 mm)
Heat Base: 18,3  Cool Base: 18,3  Method: Integration