Rapporti sul clima in stile NOAA


Report for 2018
                   Annual Climatological Summary for 2018

Name: Meteo Massone   City: Massone - Arco ( TN )   State: Italia
Elevation: 130 m  Lat: N 45° 55' 24"   Lon: E 010° 54' 03"

                  Temperature (°C), Heat Base: 18,3  Cool Base: 18,3
                          Dep.  Heat  Cool                       Max  Max  Min  Min
        Mean  Mean        From  Deg   Deg                        >=   <=   <=   <=
 YR MO  Max   Min   Mean  Norm  Days  Days  Hi  Date  Low  Date 30,0 25,0  0,0  -5,0
------------------------------------------------------------------------------------
 18  1   9,2   2,4   5,2   0.0   405     0  13,0  28  -0,6   18    0   31    3    0
 18  2   7,3   1,5   3,9   0.0   370     0  12,6  10  -4,4   27    0   28   10    0
 18  3  10,4   4,1   7,0   0.0   348     0  16,7  30  -3,1    1    0   31    3    0
 18  4  20,1  10,8  15,2   0.0   118    24  26,1  20   5,1    1    0   28    0    0
 18  5  22,7  14,0  17,8   0.0    58    42  27,5  27   8,5   16    0   22    0    0
 18  6  27,0  17,3  22,1   0.0     7   121  31,1  30  13,8   23    1    6    0    0
 18  7  28,9  19,0  23,7   0.0     1   168  32,4  18  16,6    6    9    2    0    0
 18  8  29,4  19,6  24,3   0.0     4   189  33,7   1  13,2   27   17    5    0    0
 18  9  24,9  16,2  20,3   0.0    23    83  28,4  12   8,8   26    0   12    0    0
 18 10  20,5  12,0  15,7   0.0    97    16  27,9  24   7,4   23    0   30    0    0
 18 11  13,2   7,6  10,0   0.0   249     0  19,0   4   1,4   30    0   30    0    0
 18 12   9,9   1,0   4,4   0.0   431     0  15,6   4  -3,1   15    0   31   11    0
------------------------------------------------------------------------------------
        18,6  10,5  14,1   0.0  2117   645  33,7 ago  -4,4  feb   27  256   27    0

                                Precipitation (mm)

              Dep.   Max        Days of Rain
              From   Obs.           >=
 YR MO Total  Norm   Day Date  0,2  2,0 20,0
---------------------------------------------
 18  1  33,1   0.0  17,9   9     7    3    0
 18  2  21,7   0.0  13,7   1     6    2    0
 18  3 143,6   0.0  32,6  31    19   14    2
 18  4 108,0   0.0  27,2  13    12   10    2
 18  5 108,6   0.0  17,1  29    21   15    0
 18  6  36,8   0.0  12,4  12     9    5    0
 18  7  71,3   0.0  15,0  21    15   11    0
 18  8  25,5   0.0   9,8   2    11    3    0
 18  9  16,3   0.0  15,5   7     2    1    0
 18 10 200,3   0.0  75,9  28     9    6    3
 18 11  68,1   0.0  19,2   1    14    7    0
 18 12  10,1   0.0   5,4   8     4    2    0
---------------------------------------------
       843,4   0.0  75,9  ott  129   79    7

                                Wind Speed (km/h)
                          Dom
 YR MO   Avg.  Hi   Date  Dir
------------------------------
 18  1   2,3  39,0    3    NE
 18  2   3,9  36,0    3   SSE
 18  3   3,5  45,0   21     S
 18  4   4,0  38,0   30   SSE
 18  5   3,0  36,0   13   ESE
 18  6   4,9  44,0   11     S
 18  7   4,6  49,0    3   SSE
 18  8   4,4  60,0    9   SSE
 18  9   3,9  46,0   24   SSE
 18 10   3,6  71,0   29   SSE
 18 11   1,8  31,0    1    NE
 18 12   2,0  55,0   30   NNE
------------------------------
         3,5  71,0  ott   SSE