Rapporti sul clima in stile NOAA


Report for 2018 Gennaio
                   Monthly Climatological Summary for gen 2018

Name: Meteo Massone   City: Massone - Arco ( TN )   State: Italia
Elevation: 130 m  Lat: N 45° 55' 24"   Lon: E 010° 54' 03"

                  Temperature (°C), Rain (mm), Wind Speed (km/h)

                                      Heat  Cool        Avg
    Mean                              Deg   Deg         Wind                 Dom
Day Temp  High   Time   Low    Time   Days  Days  Rain  Speed High   Time    Dir
----------------------------------------------------------------------------------
 1   3,4   6,2   15:52   1,6   23:47  14,9   0,0  10,4   1,2  15,0   19:57    NE
 2   4,0  10,4   14:51   0,8   07:58  14,3   0,0   0,0   2,3  19,0   11:15    NE
 3   3,0   6,4   12:53   0,0   07:48  15,3   0,0   0,3   3,5  39,0   16:10   NNE
 4   4,9   9,3   12:29   1,8   23:08  13,4   0,0   0,0   2,6  24,0   13:11     N
 5   4,3   8,3   15:39   0,6   04:42  14,0   0,0   0,0   1,2  16,0   12:44   NNE
 6   6,2   7,4   16:07   4,8   03:11  12,1   0,0   2,1   0,8  17,0   04:24    NE
 7   7,9  10,7   12:42   5,8   01:14  10,4   0,0   0,0   2,3  25,0   11:51    NE
 8   9,7  11,9   14:07   7,0   00:00   8,4   0,0   0,8   3,1  32,0   23:55    NE
 9   8,9  11,7   14:34   6,9   23:33   9,4   0,0  17,9   3,6  35,0   00:18   NNE
10   6,8  10,6   14:53   4,2   07:17  11,5   0,0   0,0   1,5  18,0   14:11   NNE
11   6,1   8,7   13:36   4,1   08:28  12,2   0,0   0,0   1,4  20,0   06:55    NE
12   6,1  10,5   13:08   3,0   21:32  12,2   0,0   0,0   1,7  22,0   13:19   SSE
13   3,3   8,8   15:56   0,8   07:33  15,0   0,0   0,0   1,0  19,0   00:57    NE
14   2,9   4,8   15:16   0,7   03:04  15,4   0,0   0,0   0,5  17,0   06:57   NNE
15   4,2   5,2   14:10   3,3   00:34  14,1   0,0   0,3   1,0  21,0   22:45   SSE
16   4,0   4,7   15:58   2,3   23:59  14,3   0,0   0,0   2,0  24,0   00:52   ENE
17   4,0   9,1   13:14   0,3   04:07  14,3   0,0   0,0   3,4  33,0   13:10   NNE
18   3,5   9,3   15:08  -0,6   06:46  14,8   0,0   0,0   2,9  27,0   01:43     N
19   3,5  10,6   15:21  -0,2   07:37  14,8   0,0   0,0   2,0  18,0   16:27   NNE
20   4,7   8,8   13:22   0,1   07:58  13,6   0,0   0,0   4,0  34,0   20:07     S
21   6,5  11,9   14:23   2,6   08:20  11,8   0,0   1,3   5,2  31,0   17:48    NE
22   4,0   9,5   14:31   0,5   08:45  14,3   0,0   0,0   1,9  20,0   14:18   ENE
23   3,8   9,3   12:37   0,9   07:59  14,5   0,0   0,0   2,3  19,0   13:04   ESE
24   4,4  10,8   13:44   0,6   07:16  13,9   0,0   0,0   1,6  15,0   13:47     S
25   4,9   8,8   12:54   1,7   05:22  13,4   0,0   0,0   1,9  19,0   14:08     S
26   6,2   9,7   14:56   3,7   23:52  12,1   0,0   0,0   0,8  12,0   15:24    NE
27   7,2  12,4   13:19   3,8   00:00  11,1   0,0   0,0   2,8  21,0   14:30    SE
28   6,2  13,0   13:38   2,6   06:53  12,1   0,0   0,0   1,7  15,0   14:11   SSO
29   6,2  10,8   12:16   3,4   07:28  12,1   0,0   0,0   2,5  17,0   12:48   SSO
30   4,7   8,0   12:49   1,1   08:09  13,6   0,0   0,0   3,1  23,0   13:30     S
31   6,4   8,2   13:32   5,0   04:24  12,2   0,0   0,0   5,8  29,0   22:54     S
----------------------------------------------------------------------------------
     5,2  13,0    28    -0,6    18   405,5   0,0  33,1   2,3  39,0     3     ENE

Max >=  30,0:  0
Max <=  25,0: 31
Min <=   0,0:  3
Min <=  -5,0:  0
Max Rain: 17,9 on day 9
Days of Rain: 7 (>= 0,2 mm)  3 (>= 2,0 mm)  0 (>= 20,0 mm)
Heat Base: 18,3  Cool Base: 18,3  Method: Integration