Rapporti sul clima in stile NOAA


Report for 2018 Febbraio
                   Monthly Climatological Summary for feb 2018

Name: Meteo Massone   City: Massone - Arco ( TN )   State: Italia
Elevation: 130 m  Lat: N 45° 55' 24"   Lon: E 010° 54' 03"

                  Temperature (°C), Rain (mm), Wind Speed (km/h)

                                      Heat  Cool        Avg
    Mean                              Deg   Deg         Wind                 Dom
Day Temp  High   Time   Low    Time   Days  Days  Rain  Speed High   Time    Dir
----------------------------------------------------------------------------------
 1   6,8   7,7   12:59   5,8   23:58  11,5   0,0  13,7   5,3  31,0   15:23   SSO
 2   6,5   8,7   14:45   5,0   09:23  11,8   0,0   0,0   5,1  30,0   22:53    NE
 3   6,3   8,9   14:03   3,7   23:56  12,0   0,0   0,0   8,1  36,0   09:28   NNE
 4   3,4   8,2   14:52  -0,2   08:12  14,9   0,0   0,0   1,4  19,0   03:14     N
 5   4,7   7,9   14:31   2,4   23:54  13,6   0,0   0,0   1,2  15,0   02:11   NNE
 6   4,5   6,4   14:56   2,1   01:26  13,8   0,0   0,0   1,1  15,0   03:45   ENE
 7   5,1   7,7   14:08   3,4   07:30  13,2   0,0   1,0   1,2  17,0   00:40    SE
 8   6,4   9,7   13:42   3,4   04:09  11,9   0,0   4,1   2,7  27,0   13:44   SSE
 9   6,0   7,8   15:17   4,8   08:10  12,3   0,0   0,8   1,6  20,0   14:37     O
10   6,2  12,6   14:33   2,9   23:25  12,1   0,0   0,0   3,6  27,0   14:49    SE
11   2,8   7,0   14:43  -0,4   06:47  15,5   0,0   0,0   3,1  28,0   14:35     S
12   4,7   9,1   14:39   2,0   00:00  13,6   0,0   0,0   3,0  33,0   23:06   NNE
13   5,4   7,9   13:55   1,1   23:59  12,9   0,0   0,0   5,5  32,0   00:09     N
14   2,5   8,5   14:37  -1,2   07:01  15,8   0,0   0,0   2,6  23,0   15:04   SSE
15   2,0   6,7   15:04  -0,6   05:44  16,3   0,0   0,0   2,6  18,0   15:10   ENE
16   3,4   9,3   13:34  -0,6   04:42  14,9   0,0   0,0   2,6  19,0   13:42     S
17   4,4   8,8   12:52   0,4   06:33  13,9   0,0   0,0   2,8  27,0   13:43     S
18   5,7   8,4   11:35   3,8   06:06  12,6   0,0   1,8   3,5  22,0   12:18     S
19   0,0   5,3   21:03   2,6   23:45   0,0   0,0   0,0   5,0   3,0   21:03   SSE
20   3,7   5,3   21:03   0,0   21:03   1,8   0,0   0,0   4,9   6,0   23:56     N
21   5,6  10,0   12:54   2,4   02:20  12,7   0,0   0,0   5,0  30,0   06:49   NNE
22   5,2   7,4   02:31   3,8   00:00  13,1   0,0   0,0   2,1  23,0   02:42     S
23   5,2   6,9   11:39   3,9   02:06  13,1   0,0   0,0   2,3  17,0   14:59     S
24   8,2  10,1   15:40   5,6   00:00  10,1   0,0   0,0   6,7  32,0   21:33     S
25   1,0   6,7   00:00  -1,2   15:47  17,3   0,0   0,3   7,1  33,0   06:12     S
26  -1,9   0,5   12:42  -4,1   07:14  20,2   0,0   0,0   5,1  31,0   15:48   SSO
27  -1,8   1,4   14:10  -4,4   07:24  20,1   0,0   0,0   8,0  30,0   04:33    SE
28  -1,5   0,7   15:18  -4,4   08:18  19,8   0,0   0,0   6,8  27,0   00:07   SSE
----------------------------------------------------------------------------------
     3,9  12,6    10    -4,4    27   370,8   0,0  21,7   3,9  36,0     3      SE

Max >=  30,0:  0
Max <=  25,0: 28
Min <=   0,0: 10
Min <=  -5,0:  0
Max Rain: 13,7 on day 1
Days of Rain: 6 (>= 0,2 mm)  2 (>= 2,0 mm)  0 (>= 20,0 mm)
Heat Base: 18,3  Cool Base: 18,3  Method: Integration