Rapporti sul clima in stile NOAA


Report for 2018 Marzo
                   Monthly Climatological Summary for mar 2018

Name: Meteo Massone   City: Massone - Arco ( TN )   State: Italia
Elevation: 130 m  Lat: N 45° 55' 24"   Lon: E 010° 54' 03"

                  Temperature (°C), Rain (mm), Wind Speed (km/h)

                                      Heat  Cool        Avg
    Mean                              Deg   Deg         Wind                 Dom
Day Temp  High   Time   Low    Time   Days  Days  Rain  Speed High   Time    Dir
----------------------------------------------------------------------------------
 1  -1,8  -0,4   23:05  -3,1   04:04  20,1   0,0   0,8   0,5  14,0   13:42    NE
 2   0,4   1,4   10:16  -0,9   01:45  17,9   0,0   5,4   0,6  13,0   07:58    NE
 3   2,4   5,3   12:20   0,5   04:54  15,9   0,0   2,3   2,7  31,0   16:38    SE
 4   3,6   8,7   11:29   0,9   02:30  14,7   0,0   0,3   3,5  27,0   14:13     S
 5   5,8   9,1   14:46   3,6   00:52  12,5   0,0   0,3   1,5  18,0   16:25     S
 6   5,8   6,9   13:47   4,9   04:40  12,5   0,0   3,9   2,8  25,0   15:02     S
 7   5,4   7,1   13:24   2,9   23:57  12,9   0,0  10,6   1,4  19,0   18:54   NNE
 8   6,8  13,8   13:48   1,7   05:50  11,5   0,0   0,0   3,7  26,0   15:03     S
 9   8,2  12,9   15:35   4,0   02:25  10,1   0,0   0,0   2,4  22,0   13:37   SSO
10   8,7  10,9   14:25   7,0   06:43   9,6   0,0   0,3   1,8  16,0   15:34     S
11   8,4   9,3   18:21   7,9   02:47   9,9   0,0  23,6   0,9  15,0   21:35    NE
12   9,3  12,4   15:07   7,3   05:40   9,0   0,0   4,4   2,8  24,0   10:45   SSO
13   9,5  13,7   11:57   6,4   23:52   8,7   0,0   0,0   2,7  24,0   12:46     S
14   9,8  14,3   11:46   5,5   06:14   8,5   0,0   0,0   5,0  28,0   12:38     S
15   8,0  10,6   11:20   6,6   23:39  10,3   0,0  18,4   1,4  21,0   12:31    SE
16   9,2  13,7   14:22   5,3   05:44   9,1   0,0   3,6   2,8  24,0   15:24     S
17   8,4  10,8   10:34   7,1   02:24   9,9   0,0   7,3   2,1  20,0   23:23   SSE
18   8,2  10,9   12:40   6,1   06:58  10,1   0,0   4,1   2,8  27,0   21:31     N
19   4,8   7,6   00:00   3,7   10:28  13,5   0,0   8,3   4,3  25,0   16:18     S
20   6,1   9,0   13:22   3,8   07:50  12,2   0,0   0,8   6,2  38,0   23:49     S
21   6,1   8,4   14:48   1,6   23:57  12,2   0,0   0,0   9,4  45,0   05:50   SSO
22   4,3   9,2   15:00  -0,5   06:27  14,0   0,0   0,0   4,8  27,0   12:12     S
23   5,6  10,1   16:36   1,3   03:48  12,7   0,0   0,0   6,0  31,0   13:16     S
24   6,0  10,8   16:13   1,9   03:18  12,3   0,0   0,0   1,8  18,0   15:50   SSO
25   8,0  11,4   16:57   4,9   23:59   9,9   0,0   0,0   5,0  30,0   17:08     S
26   8,5  13,6   12:47   2,6   07:11   9,8   0,0   0,0   4,3  29,0   15:05     S
27  10,8  15,0   17:37   5,4   05:54   7,5   0,0   0,0   6,4  32,0   14:51     S
28  10,6  14,6   16:18   4,7   07:12   7,7   0,0   0,0   7,2  34,0   20:19     S
29  10,5  12,4   00:00   9,3   14:34   7,8   0,0   9,6   5,2  29,0   05:11     S
30  11,7  16,7   15:22   9,1   05:35   6,6   0,0   7,0   2,9  28,0   15:01     S
31   8,8  11,6   11:49   5,7   23:50   9,5   0,0  32,6   2,5  25,0   01:53    NE
----------------------------------------------------------------------------------
     7,0  16,7    30    -3,1     1   348,9   0,0 143,6   3,5  45,0    21       S

Max >=  30,0:  0
Max <=  25,0: 31
Min <=   0,0:  3
Min <=  -5,0:  0
Max Rain: 32,6 on day 31
Days of Rain: 19 (>= 0,2 mm)  14 (>= 2,0 mm)  2 (>= 20,0 mm)
Heat Base: 18,3  Cool Base: 18,3  Method: Integration