Rapporti sul clima in stile NOAA


Report for 2018 Aprile
                   Monthly Climatological Summary for apr 2018

Name: Meteo Massone   City: Massone - Arco ( TN )   State: Italia
Elevation: 130 m  Lat: N 45° 55' 24"   Lon: E 010° 54' 03"

                  Temperature (°C), Rain (mm), Wind Speed (km/h)

                                      Heat  Cool        Avg
    Mean                              Deg   Deg         Wind                 Dom
Day Temp  High   Time   Low    Time   Days  Days  Rain  Speed High   Time    Dir
----------------------------------------------------------------------------------
 1  10,7  17,3   18:42   5,1   03:15   7,6   0,0   0,0   2,9  30,0   14:20   SSE
 2  11,3  16,1   15:07   5,3   06:53   7,0   0,0   0,0   5,9  33,0   16:39   SSE
 3  10,2  13,0   14:49   6,6   07:00   8,1   0,0   4,7   1,3  16,0   15:15     S
 4   9,5  11,4   14:40   7,7   07:10   8,8   0,0  23,3   0,7  10,0   07:09   NNE
 5  11,8  15,8   15:50   9,4   00:00   6,5   0,0   0,3   2,8  19,0   13:01   SSO
 6  12,7  18,4   13:04   7,3   06:26   5,6   0,0   0,0   4,0  28,0   13:35   SSE
 7  13,0  17,4   16:45   9,8   03:40   5,3   0,0   0,0   3,1  22,0   16:51   SSE
 8  13,5  18,1   15:49   8,7   05:46   4,8   0,0   0,0   3,4  29,0   12:42     S
 9  13,2  17,4   14:02  10,9   23:23   5,1   0,0   2,3   2,0  22,0   15:47   ENE
10  11,9  15,4   16:41   9,3   23:59   6,4   0,0   6,0   2,7  34,0   18:25     S
11  11,1  16,8   15:54   7,1   04:00   7,2   0,0  13,0   2,1  21,0   16:25    NE
12  11,3  14,5   17:21   9,0   05:05   7,0   0,0  17,4   4,2  26,0   14:47   NNE
13  11,1  15,9   16:37   6,9   08:27   7,2   0,0  27,2   3,5  24,0   16:36   SSO
14  13,5  21,3   14:29   7,7   05:17   5,1   0,2   0,0   4,1  34,0   14:40    SE
15  14,8  20,4   14:24  12,1   23:42   3,7   0,1   4,7   3,2  26,0   14:29    NE
16  16,0  23,9   14:32  10,5   06:51   3,3   1,0   4,7   3,1  26,0   15:42   SSE
17  16,9  22,1   12:11  11,8   06:18   2,4   1,0   0,0   4,7  29,0   12:53    SE
18  17,7  24,0   12:58  12,0   06:30   2,1   1,5   0,0   4,8  27,0   14:10   SSE
19  18,0  23,6   17:03  12,5   05:20   2,0   1,6   0,0   4,2  22,0   14:37   SSE
20  19,4  26,1   13:23  13,8   08:22   1,4   2,6   0,0   4,2  28,0   14:34   SSE
21  19,7  25,6   17:23  14,1   08:02   1,1   2,6   0,0   4,6  22,0   13:11   SSE
22  18,9  24,3   16:38  13,8   07:21   1,3   2,0   0,0   4,2  26,0   15:05     S
23  18,2  22,4   16:16  13,6   06:05   1,4   1,3   0,0   3,6  21,0   17:02   SSO
24  18,9  23,7   15:49  14,4   06:40   1,2   1,8   0,0   4,2  29,0   15:28   SSO
25  19,3  24,4   16:00  14,6   05:53   1,1   2,1   0,0   5,0  32,0   14:55     S
26  19,1  24,5   17:45  13,8   06:30   1,2   2,0   0,0   6,2  35,0   16:12     S
27  18,7  21,6   14:34  15,0   23:51   0,5   0,9   0,0   4,9  31,0   16:07     S
28  18,6  24,3   17:07  13,1   04:51   1,7   2,0   0,0   4,4  30,0   18:53     S
29  19,0  23,3   11:53  15,6   23:48   0,6   1,3   3,1   3,4  22,0   12:25    NE
30  17,0  21,0   16:49  13,9   07:48   1,8   0,6   1,3  12,1  38,0   14:53     S
----------------------------------------------------------------------------------
    15,2  26,1    20     5,1     1   118,5  24,6 108,0   4,0  38,0    30     SSE

Max >=  30,0:  0
Max <=  25,0: 28
Min <=   0,0:  0
Min <=  -5,0:  0
Max Rain: 27,2 on day 13
Days of Rain: 12 (>= 0,2 mm)  10 (>= 2,0 mm)  2 (>= 20,0 mm)
Heat Base: 18,3  Cool Base: 18,3  Method: Integration