Rapporti sul clima in stile NOAA


Report for 2018 Maggio
                   Monthly Climatological Summary for mag 2018

Name: Meteo Massone   City: Massone - Arco ( TN )   State: Italia
Elevation: 130 m  Lat: N 45° 55' 24"   Lon: E 010° 54' 03"

                  Temperature (°C), Rain (mm), Wind Speed (km/h)

                                      Heat  Cool        Avg
    Mean                              Deg   Deg         Wind                 Dom
Day Temp  High   Time   Low    Time   Days  Days  Rain  Speed High   Time    Dir
----------------------------------------------------------------------------------
 1  14,6  18,8   15:59   9,6   06:03   3,7   0,0   0,0   3,5  26,0   22:07     S
 2  14,4  16,6   15:45  11,6   08:58   3,9   0,0   5,4   3,1  31,0   11:05   NNE
 3  17,2  22,9   17:36  13,7   04:29   2,1   0,9   8,3   5,2  35,0   18:37    NE
 4  16,3  21,0   17:40  14,5   07:37   2,3   0,3   8,5   4,1  33,0   16:55   NNE
 5  17,6  20,9   17:58  14,0   00:28   1,3   0,6   0,0   1,4  16,0   02:32   ENE
 6  20,6  25,7   16:29  16,0   04:30   0,5   2,8   0,0   3,9  29,0   22:06   SSE
 7  19,7  23,6   15:29  16,3   07:14   0,4   1,7   0,0   3,6  23,0   13:04   SSE
 8  18,2  23,8   12:53  14,4   23:56   1,4   1,3   5,7   4,4  33,0   17:28   SSE
 9  15,4  21,4   13:45  12,1   06:31   3,2   0,3   1,6   2,0  19,0   14:04    NE
10  16,2  22,5   15:56  12,8   05:16   2,7   0,6   1,0   2,0  23,0   16:46     S
11  18,4  24,3   12:43  14,0   01:52   1,2   1,3   0,0   1,8  25,0   14:11   OSO
12  18,7  23,8   17:55  15,0   05:27   1,0   1,5   3,6   1,8  16,0   12:14   SSO
13  16,8  22,0   12:18  14,4   05:35   1,9   0,4   6,0   2,7  36,0   16:16   ENE
14  13,9  16,4   17:38  12,0   23:42   4,4   0,0  11,7   2,5  26,0   09:19   SSE
15  12,0  13,1   18:23  10,7   22:58   6,3   0,0   5,7   1,9  22,0   13:09   SSO
16  13,5  18,2   14:35   8,5   05:35   4,8   0,0   0,0   3,5  23,0   14:35     S
17  15,6  19,7   14:17  11,9   06:25   2,8   0,1   2,6   2,7  29,0   13:35   SSO
18  16,0  21,9   15:31  11,1   06:12   2,9   0,6   0,0   4,1  30,0   14:52   SSE
19  16,4  22,4   11:40  13,3   05:47   2,3   0,4   2,3   1,9  23,0   13:14     S
20  18,0  24,8   13:41  12,6   05:24   2,0   1,7   0,3   3,3  33,0   19:44    NE
21  18,1  24,9   12:55  13,6   03:34   1,7   1,4  10,6   3,5  29,0   15:58    NE
22  16,3  19,8   14:58  14,4   05:43   2,1   0,1   0,5   1,3  16,0   15:52     E
23  17,5  21,6   11:36  14,1   06:05   1,4   0,6   0,0   2,1  20,0   12:46   ENE
24  20,3  26,1   16:46  16,4   02:34   0,5   2,5   0,3   2,8  24,0   14:57   SSE
25  21,4  26,7   16:52  15,7   05:18   0,6   3,6   0,0   3,6  27,0   13:35     S
26  22,6  26,6   15:21  18,6   06:30   0,0   4,3   0,3   5,1  24,0   14:25   SSE
27  21,3  27,5   12:26  17,3   23:25   0,1   3,1   8,3   4,2  35,0   17:30   ESE
28  21,0  26,4   16:37  15,9   05:02   0,6   3,4   0,0   2,7  15,0   15:59   SSE
29  21,5  26,8   15:43  17,0   07:02   0,2   3,4  17,1   3,4  27,0   15:29     O
30  21,0  26,9   12:24  17,4   04:52   0,1   2,7   5,2   3,9  26,0   15:27    SE
31  20,7  26,9   14:28  16,3   05:09   0,3   2,7   3,6   2,7  23,0   15:43   ENE
----------------------------------------------------------------------------------
    17,8  27,5    27     8,5    16    58,7  42,3 108,6   3,0  36,0    13      SE

Max >=  30,0:  0
Max <=  25,0: 22
Min <=   0,0:  0
Min <=  -5,0:  0
Max Rain: 17,1 on day 29
Days of Rain: 21 (>= 0,2 mm)  15 (>= 2,0 mm)  0 (>= 20,0 mm)
Heat Base: 18,3  Cool Base: 18,3  Method: Integration