Rapporti sul clima in stile NOAA


Report for 2018 Giugno
                   Monthly Climatological Summary for giu 2018

Name: Meteo Massone   City: Massone - Arco ( TN )   State: Italia
Elevation: 130 m  Lat: N 45° 55' 24"   Lon: E 010° 54' 03"

                  Temperature (°C), Rain (mm), Wind Speed (km/h)

                                      Heat  Cool        Avg
    Mean                              Deg   Deg         Wind                 Dom
Day Temp  High   Time   Low    Time   Days  Days  Rain  Speed High   Time    Dir
----------------------------------------------------------------------------------
 1  21,3  26,1   15:35  17,6   04:35   0,1   3,1   0,0   3,4  23,0   14:26     S
 2  21,4  26,6   17:33  17,6   06:05   0,1   3,2   8,0   3,4  26,0   12:39     S
 3  20,8  26,9   13:50  15,1   05:44   0,8   3,3   0,0   2,4  23,0   14:37     S
 4  19,6  23,8   10:22  17,3   23:58   0,1   1,4   1,0   2,1  20,0   06:33    NE
 5  21,2  27,6   17:16  15,7   04:35   0,6   3,5   0,0   4,0  29,0   13:59     S
 6  21,9  27,1   18:05  17,3   06:35   0,1   3,7   0,0   3,8  27,0   16:02     S
 7  21,7  26,3   17:11  18,9   06:27   0,0   3,4   0,3   3,0  28,0   15:27     N
 8  20,5  25,6   13:41  17,4   07:51   0,1   2,3   7,8   4,3  27,0   15:25    SE
 9  22,1  27,3   16:00  16,8   05:24   0,2   4,0   0,0   4,2  24,0   15:06     S
10  23,5  28,1   16:12  18,6   05:26   0,0   5,2   0,0   4,9  30,0   17:17     S
11  25,1  29,7   16:49  20,7   06:30   0,0   6,8   0,0   5,6  44,0   15:31     S
12  22,0  27,5   16:11  17,0   23:33   0,1   3,8  12,4   3,1  44,0   11:38    NE
13  19,6  23,8   15:42  16,4   05:16   0,5   1,8   1,3   3,7  31,0   16:23   NNE
14  22,4  26,6   14:01  19,6   08:09   0,0   4,1   0,0   7,0  30,0   05:19   ESE
15  21,6  26,0   17:34  16,2   07:41   0,3   3,6   0,0   6,9  34,0   18:24     S
16  22,2  26,7   17:26  16,8   04:54   0,2   4,1   0,0   5,6  32,0   16:27     S
17  23,7  28,9   12:40  18,4   05:41   0,0   5,4   0,0   4,5  31,0   13:12     S
18  23,1  29,1   12:44  17,7   05:58   0,0   4,8   3,6   4,0  37,0   12:51   SSE
19  24,0  28,8   12:27  17,9   07:26   0,0   5,8   0,0   6,4  32,0   16:31   SSE
20  24,7  29,1   17:02  20,6   04:38   0,0   6,4   0,0   5,5  33,0   17:42     S
21  24,3  28,8   14:44  19,5   05:52   0,0   6,0   0,0   4,1  30,0   13:18     S
22  23,5  26,4   11:03  18,7   23:58   0,0   5,2   0,0   8,6  37,0   14:07     S
23  19,5  23,5   15:24  13,8   06:45   1,0   2,1   0,0   6,6  36,0   13:50     S
24  20,2  24,5   15:58  15,1   05:12   0,7   2,6   0,3   6,3  34,0   16:14     S
25  19,7  23,4   16:49  15,1   05:12   0,8   2,3   2,1   7,9  41,0   16:37     S
26  21,3  25,4   16:30  16,7   06:09   0,3   3,4   0,0   6,8  33,0   15:42     S
27  22,1  29,9   13:12  15,9   05:08   0,4   4,2   0,0   6,6  36,0   16:43     S
28  20,5  24,6   14:35  15,8   05:41   0,5   2,7   0,0   2,0  30,0   10:16   ENE
29  23,7  29,8   18:15  17,3   06:59   0,1   5,5   0,0   3,8  27,0   15:51   SSE
30  25,8  31,1   15:50  18,9   06:35   0,0   7,5   0,0   5,3  31,0   15:55     S
----------------------------------------------------------------------------------
    22,1  31,1    30    13,8    23     7,0 121,2  36,8   4,9  44,0    11     SSE

Max >=  30,0:  1
Max <=  25,0:  6
Min <=   0,0:  0
Min <=  -5,0:  0
Max Rain: 12,4 on day 12
Days of Rain: 9 (>= 0,2 mm)  5 (>= 2,0 mm)  0 (>= 20,0 mm)
Heat Base: 18,3  Cool Base: 18,3  Method: Integration