Rapporti sul clima in stile NOAA


Report for 2018 Luglio
                   Monthly Climatological Summary for lug 2018

Name: Meteo Massone   City: Massone - Arco ( TN )   State: Italia
Elevation: 130 m  Lat: N 45° 55' 24"   Lon: E 010° 54' 03"

                  Temperature (°C), Rain (mm), Wind Speed (km/h)

                                      Heat  Cool        Avg
    Mean                              Deg   Deg         Wind                 Dom
Day Temp  High   Time   Low    Time   Days  Days  Rain  Speed High   Time    Dir
----------------------------------------------------------------------------------
 1  24,5  27,0   19:26  20,6   05:29   0,0   6,2   0,0   7,1  36,0   15:32     S
 2  23,4  25,1   18:09  21,4   06:33   0,0   5,1   0,0   4,8  25,0   01:52     S
 3  22,8  28,6   16:57  17,4   18:44   0,0   4,6  10,4   6,7  49,0   18:01     S
 4  22,2  28,7   16:46  18,1   05:49   0,0   3,9   2,6   5,4  28,0   14:05   ESE
 5  22,6  27,1   19:38  18,0   06:37   0,0   4,3   2,1   6,5  40,0   21:27    SE
 6  21,8  28,8   12:30  16,6   06:47   0,3   3,8   1,0   3,1  27,0   13:17   ENE
 7  24,1  31,5   13:42  17,8   06:30   0,0   5,8   0,5   3,5  32,0   14:19   SSE
 8  23,8  28,1   14:40  19,1   06:24   0,0   5,5   0,0   4,9  26,0   13:24   SSE
 9  23,8  28,8   15:36  17,9   05:50   0,0   5,5   0,0   4,5  32,0   15:51     S
10  23,5  28,1   16:57  18,0   23:40   0,0   5,2   2,1   5,6  34,0   21:35     S
11  20,9  24,0   14:44  17,9   05:35   0,1   2,6   2,6   5,6  35,0   15:57     S
12  22,7  26,3   16:32  18,5   23:30   0,0   4,4   0,5   5,7  31,0   18:06     S
13  22,0  27,0   18:26  16,8   03:50   0,3   4,1  10,6   4,3  29,0   12:32     S
14  24,3  29,1   12:36  20,8   03:50   0,0   6,0   0,0   4,9  26,0   13:52   ESE
15  24,5  29,8   14:08  20,6   06:00   0,0   6,2   0,0   5,0  35,0   21:36     N
16  21,6  27,6   13:51  17,4   06:24   0,1   3,4   5,4   4,4  30,0   19:57    SE
17  23,4  29,5   16:13  17,7   05:10   0,0   5,1   0,0   3,6  19,0   13:33   SSE
18  25,0  32,4   14:03  18,1   07:16   0,0   6,7   0,0   3,9  29,0   15:04   SSE
19  25,6  31,4   12:44  20,3   05:58   0,0   7,3   0,0   4,3  27,0   13:47   SSE
20  23,3  30,4   13:07  20,0   06:49   0,0   5,0   3,4   2,9  23,0   12:25   ESE
21  19,9  23,0   13:01  17,3   04:57   0,1   1,7  15,0   3,0  39,0   03:43   NNE
22  22,2  28,1   13:01  17,6   04:14   0,1   4,0   4,7   2,6  35,0   23:20   SSE
23  23,0  29,4   18:47  17,5   04:05   0,1   4,8   9,1   3,8  23,0   13:53   SSE
24  24,3  29,7   14:17  18,4   07:31   0,0   6,0   0,0   4,6  32,0   15:05     S
25  25,7  30,3   16:07  20,6   05:59   0,0   7,4   0,0   4,6  30,0   15:53     S
26  25,3  29,8   15:15  21,2   05:24   0,0   7,0   0,0   5,5  32,0   17:38   SSE
27  24,8  29,6   17:02  19,8   07:04   0,0   6,5   0,0   3,5  26,0   13:52     S
28  24,1  30,9   12:56  19,1   23:35   0,0   5,8   1,3   4,3  33,0   16:56     E
29  24,7  30,3   17:17  18,9   04:52   0,0   6,4   0,0   4,8  23,0   15:44   SSE
30  26,9  32,4   12:31  21,8   05:20   0,0   8,5   0,0   3,9  28,0   13:10   SSE
31  27,6  32,4   12:27  23,3   06:36   0,0   9,3   0,0   4,2  27,0   15:00    SE
----------------------------------------------------------------------------------
    23,7  32,4    18    16,6     6     1,1 168,1  71,3   4,6  49,0     3     SSE

Max >=  30,0:  9
Max <=  25,0:  2
Min <=   0,0:  0
Min <=  -5,0:  0
Max Rain: 15,0 on day 21
Days of Rain: 15 (>= 0,2 mm)  11 (>= 2,0 mm)  0 (>= 20,0 mm)
Heat Base: 18,3  Cool Base: 18,3  Method: Integration