Rapporti sul clima in stile NOAA


Report for 2018 Agosto
                   Monthly Climatological Summary for ago 2018

Name: Meteo Massone   City: Massone - Arco ( TN )   State: Italia
Elevation: 130 m  Lat: N 45° 55' 24"   Lon: E 010° 54' 03"

                  Temperature (°C), Rain (mm), Wind Speed (km/h)

                                      Heat  Cool        Avg
    Mean                              Deg   Deg         Wind                 Dom
Day Temp  High   Time   Low    Time   Days  Days  Rain  Speed High   Time    Dir
----------------------------------------------------------------------------------
 1  28,3  33,7   12:42  23,4   06:06   0,0  10,0   0,0   5,1  28,0   13:48   ESE
 2  27,1  31,3   14:23  21,0   21:24   0,0   8,8   9,8   6,6  44,0   20:45   ENE
 3  26,0  31,4   16:49  20,9   00:21   0,0   7,7   4,7   4,1  44,0   23:39   SSE
 4  25,2  31,3   16:42  19,9   05:49   0,0   6,9   2,6   4,5  34,0   22:16    SE
 5  26,2  32,4   16:49  20,5   06:15   0,0   7,9   0,8   3,5  21,0   08:22    SE
 6  27,1  31,8   15:37  22,4   23:01   0,0   8,8   1,3   5,6  37,0   21:37    NE
 7  26,2  31,6   13:25  20,8   07:03   0,0   7,9   1,0   4,9  27,0   17:38   SSE
 8  26,3  31,6   17:19  21,9   05:54   0,0   8,0   0,0   4,6  33,0   18:28     S
 9  25,2  31,2   15:08  19,3   23:54   0,0   6,9   1,6   5,1  60,0   21:17   SSE
10  23,8  29,1   16:45  18,3   02:34   0,0   5,5   0,8   4,9  31,0   16:45     S
11  25,1  30,6   13:01  21,1   06:22   0,0   6,8   0,0   4,1  30,0   14:36   SSE
12  24,3  27,8   11:21  21,6   23:55   0,0   6,0   0,0   3,3  27,0   11:30   SSE
13  24,4  29,7   15:13  20,1   06:00   0,0   6,1   0,0   6,7  39,0   15:21     S
14  22,1  24,7   14:44  20,0   05:11   0,0   3,8   0,0   2,7  17,0   12:51   SSO
15  23,2  28,9   16:23  17,3   06:05   0,1   5,1   0,0   5,3  32,0   14:38     S
16  24,4  28,1   15:28  20,4   06:52   0,0   6,1   0,0   5,3  36,0   15:03     S
17  24,8  29,3   15:31  19,3   05:18   0,0   6,5   0,0   4,6  33,0   15:12     S
18  26,0  31,4   13:41  21,4   06:37   0,0   7,7   0,0   3,8  26,0   03:25     S
19  26,1  31,7   13:31  20,1   05:51   0,0   7,8   0,3   4,8  30,0   15:34   SSE
20  26,7  32,4   13:55  20,9   07:17   0,0   8,4   0,0   4,4  31,0   01:31   NNO
21  26,7  32,3   16:01  22,2   07:00   0,0   8,4   0,0   4,9  40,0   00:53     N
22  26,8  32,1   13:28  22,1   07:11   0,0   8,5   0,0   3,4  26,0   14:03   SSO
23  26,4  31,1   14:02  22,4   07:02   0,0   8,1   0,0   3,6  30,0   02:48   NNE
24  23,6  30,0   13:16  19,6   23:42   0,0   5,3   1,3   3,7  26,0   19:16     E
25  18,9  22,6   12:38  15,1   23:53   0,3   0,8   1,3   3,5  42,0   23:19    NE
26  18,5  24,7   14:50  13,4   06:56   1,4   1,6   0,0   8,2  34,0   04:10   NNE
27  18,6  23,8   15:49  13,2   06:12   1,5   1,8   0,0   4,0  24,0   16:30     S
28  20,9  27,1   17:13  15,7   07:06   0,6   3,2   0,0   3,8  23,0   15:16     S
29  21,9  27,9   13:29  17,1   04:17   0,2   3,9   0,0   3,3  25,0   13:34     S
30  22,3  28,4   15:10  17,8   06:47   0,0   4,0   0,0   2,1  26,0   13:02     N
31  19,3  22,6   15:16  17,0   23:27   0,2   1,2   0,0   3,2  23,0   10:49   NNE
----------------------------------------------------------------------------------
    24,3  33,7     1    13,2    27     4,3 189,5  25,5   4,4  60,0     9      SE

Max >=  30,0: 17
Max <=  25,0:  5
Min <=   0,0:  0
Min <=  -5,0:  0
Max Rain: 9,8 on day 2
Days of Rain: 11 (>= 0,2 mm)  3 (>= 2,0 mm)  0 (>= 20,0 mm)
Heat Base: 18,3  Cool Base: 18,3  Method: Integration