Rapporti sul clima in stile NOAA


Report for 2018 Settembre
                   Monthly Climatological Summary for set 2018

Name: Meteo Massone   City: Massone - Arco ( TN )   State: Italia
Elevation: 130 m  Lat: N 45° 55' 24"   Lon: E 010° 54' 03"

                  Temperature (°C), Rain (mm), Wind Speed (km/h)

                                      Heat  Cool        Avg
    Mean                              Deg   Deg         Wind                 Dom
Day Temp  High   Time   Low    Time   Days  Days  Rain  Speed High   Time    Dir
----------------------------------------------------------------------------------
 1  17,8  22,4   14:26  15,7   11:07   1,2   0,7   0,0   4,1  38,0   04:25   NNE
 2  16,7  18,9   17:30  15,4   07:50   1,6   0,0   0,0   1,2  15,0   14:31    NE
 3  18,6  24,2   15:00  15,3   05:52   1,2   1,5   0,8   2,0  21,0   15:17   OSO
 4  19,5  25,2   16:36  14,6   07:46   1,1   2,3   0,0   4,0  27,0   14:23   SSE
 5  20,4  25,7   12:27  15,6   06:40   0,6   2,7   0,0   3,0  22,0   13:28   SSE
 6  20,8  26,1   13:58  16,9   07:15   0,1   2,6   0,0   2,7  24,0   14:23     S
 7  19,6  24,3   14:33  16,8   07:35   0,3   1,6  15,5   1,9  21,0   14:41   SSE
 8  21,3  26,7   13:59  17,0   07:34   0,2   3,2   0,0   3,9  29,0   16:00   SSE
 9  21,5  26,8   15:46  17,0   06:45   0,2   3,4   0,0   3,0  25,0   14:14     S
10  22,5  27,6   13:43  18,4   04:27   0,0   4,2   0,0   2,5  21,0   13:19     S
11  23,0  28,1   13:35  18,2   08:22   0,0   4,7   0,0   2,7  19,0   14:37     S
12  23,3  28,4   14:09  18,3   06:22   0,0   5,0   0,0   2,9  23,0   14:13     S
13  23,2  27,3   14:01  20,1   07:16   0,0   4,9   0,0   2,8  28,0   15:36     S
14  22,2  27,1   13:36  18,4   07:43   0,0   3,9   0,0   2,5  17,0   13:16    SE
15  22,7  25,9   12:11  20,1   07:16   0,0   4,4   0,0   4,5  28,0   03:18   SSE
16  22,1  26,3   12:29  18,4   06:57   0,0   3,8   0,0   2,8  21,0   14:04   SSE
17  22,1  26,5   12:58  18,1   06:47   0,0   3,8   0,0   3,0  26,0   13:15     S
18  21,5  25,5   15:40  18,6   06:08   0,0   3,2   0,0   2,0  17,0   14:47   ESE
19  21,9  27,7   14:00  17,8   07:06   0,0   3,6   0,0   3,4  26,0   14:33   SSE
20  22,2  28,1   14:16  16,9   07:24   0,1   4,0   0,0   2,9  21,0   16:55   SSE
21  22,5  27,3   14:53  17,4   07:38   0,1   4,3   0,0   4,4  30,0   15:32   SSE
22  21,9  25,8   13:40  18,3   06:44   0,0   3,6   0,0   3,0  31,0   23:06     S
23  21,5  23,6   17:29  19,0   08:19   0,0   3,2   0,0   9,1  37,0   22:22     S
24  21,9  24,9   14:12  16,9   23:55   0,1   3,6   0,0  11,7  46,0   12:01   NNE
25  15,5  19,6   15:15  10,2   07:21   3,0   0,2   0,0   6,0  32,0   15:59   SSE
26  12,8  17,1   16:02   8,8   08:37   5,5   0,0   0,0   4,7  31,0   13:26     S
27  15,1  21,8   16:07   9,6   06:12   3,9   0,7   0,0   2,7  19,0   15:29     S
28  17,3  24,8   13:51  11,1   07:08   2,7   1,7   0,0   2,3  19,0   14:58     S
29  19,9  24,8   15:14  14,8   01:27   0,7   2,3   0,0   6,7  35,0   16:33   SSE
30  17,6  19,4   15:36  12,8   23:49   0,9   0,2   0,0   8,5  31,0   14:13   SSE
----------------------------------------------------------------------------------
    20,3  28,4    12     8,8    26    23,5  83,3  16,3   3,9  46,0    24     SSE

Max >=  30,0:  0
Max <=  25,0: 12
Min <=   0,0:  0
Min <=  -5,0:  0
Max Rain: 15,5 on day 7
Days of Rain: 2 (>= 0,2 mm)  1 (>= 2,0 mm)  0 (>= 20,0 mm)
Heat Base: 18,3  Cool Base: 18,3  Method: Integration