Rapporti sul clima in stile NOAA


Report for 2018 Ottobre
                   Monthly Climatological Summary for ott 2018

Name: Meteo Massone   City: Massone - Arco ( TN )   State: Italia
Elevation: 130 m  Lat: N 45° 55' 24"   Lon: E 010° 54' 03"

                  Temperature (°C), Rain (mm), Wind Speed (km/h)

                                      Heat  Cool        Avg
    Mean                              Deg   Deg         Wind                 Dom
Day Temp  High   Time   Low    Time   Days  Days  Rain  Speed High   Time    Dir
----------------------------------------------------------------------------------
 1  13,2  15,4   21:23  11,4   02:53   5,1   0,0  11,1   3,7  31,0   20:15   NNO
 2  15,4  20,3   14:49  10,6   09:08   3,0   0,2   0,0   6,7  31,0   02:16    NE
 3  14,2  20,0   12:27   8,6   08:23   4,4   0,3   0,0   3,4  24,0   14:21     S
 4  16,3  22,0   13:37  11,4   07:30   2,9   0,9   0,0   4,2  27,0   15:25   SSE
 5  15,6  21,1   14:09  10,9   06:58   3,2   0,5   0,0   2,9  28,0   04:33   SSE
 6  16,0  19,4   15:28  14,1   09:01   2,4   0,1   2,3   1,6  16,0   04:27   ENE
 7  16,5  21,3   15:00  12,8   07:36   2,4   0,6   0,3   2,8  26,0   13:26     S
 8  17,9  23,4   13:52  13,6   02:21   1,5   1,1   0,0   2,5  23,0   13:55     S
 9  18,1  22,3   15:02  14,6   04:56   1,3   1,0   0,0   3,0  26,0   13:30     S
10  17,9  24,2   13:45  13,7   07:33   1,7   1,3   0,0   3,0  25,0   15:01   ESE
11  17,8  22,8   13:22  14,6   06:13   1,5   1,0   0,3   3,0  23,0   06:30    NE
12  18,0  23,4   13:32  14,3   08:32   1,5   1,2   0,0   3,0  22,0   14:15   SSE
13  16,9  22,2   13:01  12,6   07:35   2,3   0,9   0,0   2,9  21,0   14:58   SSE
14  16,7  22,1   13:27  12,6   05:54   2,3   0,7   0,0   3,3  24,0   14:06    SE
15  17,1  21,2   13:28  13,4   23:35   1,7   0,6   0,0   2,4  19,0   14:07   ENE
16  15,8  20,8   16:16  12,1   03:11   2,9   0,4   0,0   1,6  17,0   17:02    SE
17  16,0  19,6   15:19  13,0   07:27   2,4   0,1   0,0   1,6  15,0   05:50   ENE
18  16,7  23,0   14:49  12,6   04:54   2,4   0,8   0,0   1,6  15,0   15:53   ESE
19  16,7  22,9   13:53  11,4   07:25   2,5   0,9   0,0   2,7  20,0   15:52   SSE
20  17,1  21,9   13:37  13,7   23:52   1,9   0,7   0,0   2,6  22,0   15:10     S
21  15,1  19,4   13:44  11,4   06:46   3,4   0,2   0,0   5,0  35,0   20:00     S
22  12,8  18,9   14:28   8,8   07:30   5,5   0,0   0,0   2,7  22,0   15:07   SSE
23  11,9  17,7   14:34   7,4   06:52   6,4   0,0   0,0   2,8  22,0   13:24     S
24  18,0  27,9   14:00  11,0   00:37   2,5   2,2   0,0   4,4  31,0   22:43    NE
25  17,6  22,9   00:00  13,9   08:04   1,0   0,3   0,0   6,0  30,0   16:35   SSE
26  16,0  17,3   15:53  15,0   23:46   2,3   0,0   0,0   5,5  26,0   20:39     S
27  14,8  16,8   10:01  13,1   23:52   3,5   0,0  58,3   7,0  39,0   08:33     S
28  12,5  13,1   00:00  11,7   23:37   6,0   0,0  75,9   2,7  24,0   04:36   NNE
29  13,7  20,5   19:55  11,9   00:00   4,7   0,1  46,1   6,8  71,0   21:22   ESE
30  11,8  15,3   12:17   9,0   21:58   6,5   0,0   5,7   7,9  38,0   02:31   SSE
31  11,8  16,4   12:32   8,1   03:27   6,5   0,0   0,3   2,4  23,0   06:50   NNE
----------------------------------------------------------------------------------
    15,7  27,9    24     7,4    23    97,6  16,1 200,3   3,6  71,0    29      SE

Max >=  30,0:  0
Max <=  25,0: 30
Min <=   0,0:  0
Min <=  -5,0:  0
Max Rain: 75,9 on day 28
Days of Rain: 9 (>= 0,2 mm)  6 (>= 2,0 mm)  3 (>= 20,0 mm)
Heat Base: 18,3  Cool Base: 18,3  Method: Integration