Rapporti sul clima in stile NOAA


Report for 2018 Novembre
´╗┐                   Monthly Climatological Summary for nov 2018

Name: Meteo Massone   City: Massone - Arco ( TN )   State: Italia
Elevation: 130 m  Lat: N 45┬° 55' 24"   Lon: E 010┬° 54' 03"

                  Temperature (┬°C), Rain (mm), Wind Speed (km/h)

                                      Heat  Cool        Avg
    Mean                              Deg   Deg         Wind                 Dom
Day Temp  High   Time   Low    Time   Days  Days  Rain  Speed High   Time    Dir
----------------------------------------------------------------------------------
 1  11,4  14,0   14:38   8,8   22:25   6,9   0,0  19,2   4,7  31,0   08:46   NNE
 2  11,1  12,4   15:47   9,4   02:46   7,2   0,0   6,5   0,8  13,0   05:23   ENE
 3  14,0  18,4   13:29  11,5   07:06   4,3   0,0   0,0   1,4  15,0   10:24   ENE
 4  14,8  19,0   12:09  11,8   04:26   3,5   0,0   0,5   1,9  19,0   23:39   NNE
 5  13,9  16,1   14:34  12,9   09:31   4,4   0,0  10,4   2,9  26,0   15:06   NNE
 6  13,5  14,6   14:23  12,7   06:22   4,8   0,0   2,1   1,3  12,0   03:17   NNE
 7  13,7  16,3   14:35  12,4   03:01   4,6   0,0   0,3   1,3  13,0   01:18   NNE
 8  13,7  17,9   14:04  11,3   07:01   4,6   0,0   0,0   1,4  17,0   14:13    SO
 9  13,5  16,5   12:45  11,1   07:12   4,8   0,0   0,3   1,1  13,0   13:49     S
10  12,5  13,1   00:00  11,9   21:55   5,8   0,0   0,3   3,0  23,0   13:57     S
11  12,8  14,0   15:11  11,9   00:00   5,5   0,0   0,5   1,8  16,0   10:10     S
12  13,8  17,8   12:55  10,8   06:21   4,5   0,0   0,0   1,8  26,0   13:17     S
13  13,5  16,1   13:23  10,6   23:20   4,8   0,0   0,0   0,9  11,0   18:08     N
14  11,9  17,3   13:38   8,9   08:37   6,4   0,0   0,0   1,8  13,0   01:31     E
15   9,9  14,8   12:57   7,0   07:15   8,4   0,0   0,0   1,6  20,0   14:46   SSE
16   7,7   9,9   15:35   4,8   23:58  10,6   0,0   0,0   1,0  12,0   02:45   NNE
17   7,1  13,4   13:28   3,7   04:01  11,2   0,0   0,0   2,3  23,0   13:35    SE
18   5,4   9,6   14:14   2,4   07:25  12,9   0,0   0,0   2,4  23,0   13:37   SSE
19   5,5   7,0   12:45   4,2   01:46  12,8   0,0   0,0   1,5  25,0   22:50     N
20   5,3   9,3   15:03   2,6   23:58  13,0   0,0   2,3   2,0  24,0   00:54    NE
21   6,2  12,4   14:41   2,2   04:53  12,1   0,0   0,3   1,3  18,0   12:59   NNE
22   8,2  10,6   13:32   6,3   03:37  10,1   0,0   0,5   0,6  13,0   00:19     O
23   8,8  11,0   12:45   7,6   05:17   9,5   0,0   7,0   0,9  14,0   02:49   ENE
24   8,0  11,2   15:06   6,9   23:19  10,3   0,0  17,9   1,7  19,0   03:09    NE
25   7,7  11,1   15:14   4,6   05:44  10,6   0,0   0,0   0,9  11,0   22:31   NNE
26   8,3   9,8   13:30   7,1   05:47  10,0   0,0   0,0   1,3  15,0   23:41   NNE
27  10,7  14,9   14:56   7,4   02:13   7,6   0,0   0,0   5,5  31,0   17:15     N
28   8,3  13,4   14:03   3,1   23:06  10,0   0,0   0,0   3,8  30,0   03:09    NE
29   4,3   8,5   13:21   1,6   07:08  14,0   0,0   0,0   1,2  13,0   04:32    NE
30   3,9   6,8   14:03   1,4   05:45  14,4   0,0   0,0   0,8  16,0   13:55   SSE
----------------------------------------------------------------------------------
    10,0  19,0     4     1,4    30   249,6   0,0  68,1   1,8  31,0     1      NE

Max >=  30,0:  0
Max <=  25,0: 30
Min <=   0,0:  0
Min <=  -5,0:  0
Max Rain: 19,2 on day 1
Days of Rain: 14 (>= 0,2 mm)  7 (>= 2,0 mm)  0 (>= 20,0 mm)
Heat Base: 18,3  Cool Base: 18,3  Method: Integration