Rapporti sul clima in stile NOAA


Report for 2018 Dicembre
                   Monthly Climatological Summary for dic 2018

Name: Meteo Massone   City: Massone - Arco ( TN )   State: Italia
Elevation: 130 m  Lat: N 45° 55' 24"   Lon: E 010° 54' 03"

                  Temperature (°C), Rain (mm), Wind Speed (km/h)

                                      Heat  Cool        Avg
    Mean                              Deg   Deg         Wind                 Dom
Day Temp  High   Time   Low    Time   Days  Days  Rain  Speed High   Time    Dir
----------------------------------------------------------------------------------
 1   3,8   9,4   14:04   0,9   07:53  14,5   0,0   0,0   1,6  15,0   15:03     E
 2   4,1   7,9   12:55   2,0   05:29  14,2   0,0   0,0   1,0  12,0   18:42   NNE
 3   5,9  11,3   13:38   2,9   08:57  12,4   0,0   0,0   1,9  22,0   23:25    NE
 4   8,0  15,6   14:57   3,9   04:32  10,3   0,0   0,0   2,7  23,0   05:10    NE
 5   8,5  13,3   13:16   3,8   06:50   9,8   0,0   0,0   2,0  17,0   13:37    SE
 6   8,2  12,0   15:19   5,1   23:13  10,1   0,0   0,3   1,2  13,0   05:54   NNE
 7   7,4  11,1   13:28   4,6   08:27  10,9   0,0   0,0   2,4  21,0   19:42     S
 8   7,7  14,7   14:33   3,4   23:22  10,6   0,0   5,4   1,5  17,0   04:30   NNE
 9   5,2  12,3   15:18   1,4   07:43  13,1   0,0   0,0   2,3  24,0   12:17   NNE
10   6,9  13,6   13:26   2,8   08:08  11,4   0,0   0,0   3,1  23,0   12:44   NNE
11   5,8  10,6   13:50   2,4   09:41  12,5   0,0   0,0   3,7  31,0   21:03   NNE
12   3,4   8,9   14:54  -0,4   22:46  14,9   0,0   0,0   3,0  27,0   03:03   NNE
13   1,2   6,4   13:40  -1,6   02:59  17,1   0,0   0,0   2,2  17,0   14:51   ENE
14   0,3   6,4   14:20  -2,5   07:59  18,0   0,0   0,0   1,3  13,0   12:05   ESE
15  -0,1   5,9   13:42  -3,1   07:42  18,4   0,0   0,0   1,4  15,0   13:43   ESE
16   0,1   3,3   14:19  -2,1   04:01  18,2   0,0   0,0   0,7  14,0   09:48   NNE
17   1,9   6,9   15:40  -0,6   00:34  16,4   0,0   0,0   1,2  17,0   02:46   NNE
18   2,2   7,9   13:12  -0,6   00:23  16,1   0,0   0,0   2,0  17,0   13:48   ENE
19   1,5   4,5   14:38  -1,0   07:38  16,8   0,0   2,6   0,6  10,0   21:22   ENE
20   2,4   6,9   14:52   0,1   00:52  15,9   0,0   1,8   0,8  14,0   11:54     N
21   2,1   6,5   15:13  -0,4   07:43  16,2   0,0   0,0   1,3  16,0   01:11    NE
22   3,0   7,6   15:08   1,0   00:32  15,3   0,0   0,0   1,6  12,0   08:04   NNE
23   4,3   8,4   13:43   1,1   03:03  14,0   0,0   0,0   1,8  14,0   14:41   ENE
24   7,5  15,4   13:38   1,4   06:26  10,8   0,0   0,0   5,1  34,0   13:23   NNE
25   4,7  10,4   14:15   0,6   23:59  13,6   0,0   0,0   2,0  19,0   01:55    NE
26   2,5   7,7   12:04  -0,1   03:04  15,8   0,0   0,0   2,1  19,0   06:10   ENE
27   3,0  10,4   14:12  -1,1   04:57  15,3   0,0   0,0   1,3  11,0   14:42     N
28   5,1  11,8   13:45   1,7   02:09  13,2   0,0   0,0   1,1  17,0   03:38   NNE
29   5,5  12,6   13:47   2,6   07:08  12,8   0,0   0,0   1,8  17,0   14:09   NNE
30   7,4  15,3   16:43   2,4   01:52  10,9   0,0   0,0   5,5  55,0   16:49   NNE
31   6,0  11,0   12:03   1,9   23:37  12,3   0,0   0,0   2,3  20,0   05:49   ENE
----------------------------------------------------------------------------------
     4,4  15,6     4    -3,1    15   431,8   0,0  10,1   2,0  55,0    30      NE

Max >=  30,0:  0
Max <=  25,0: 31
Min <=   0,0: 11
Min <=  -5,0:  0
Max Rain: 5,4 on day 8
Days of Rain: 4 (>= 0,2 mm)  2 (>= 2,0 mm)  0 (>= 20,0 mm)
Heat Base: 18,3  Cool Base: 18,3  Method: Integration