Rapporti sul clima in stile NOAA


Report for 2019
                   Annual Climatological Summary for 2019

Name: Meteo Massone   City: Massone - Arco (TN)   State: Italia
Elevation: 130 m  Lat: N 45 55 23   Lon: E 010 54 02

                  Temperature (°C), Heat Base: 18,3  Cool Base: 18,3
                          Dep.  Heat  Cool                       Max  Max  Min  Min
        Mean  Mean        From  Deg   Deg                        >=   <=   <=   <=
 YR MO  Max   Min   Mean  Norm  Days  Days  Hi  Date  Low  Date 30,0 25,0  0,0  -5,0
------------------------------------------------------------------------------------
 19  1
 19  2
 19  3
 19  4
 19  5  20,9  13,6  17,0  18,0    20     7  23,3  26  10,8   31    0   10    0    0
 19  6  29,0  19,3  24,1  25,1     4   178  35,1  27  13,1    1    9    2    0    0
 19  7  29,3  19,3  23,9  24,9     2   175  33,0  24  15,6   14   12    3    0    0
 19  8  29,1  19,7  24,1  25,1     1   180  32,2  30  15,1    3   10    0    0    0
 19  9  23,8  15,3  19,1  20,1    37    62  30,8   1   9,7    9    1   18    0    0
 19 10  19,4  12,2  15,3  16,3   101     9  23,7  22   9,3    4    0   31    0    0
 19 11  11,2   6,3   8,3   9,3   299     0  17,0  25   2,0   14    0   30    0    0
 19 12   9,5   2,4   5,2   6,2   404     0  13,1  10  -1,2   11    0   31    7    0
------------------------------------------------------------------------------------
        21,5  13,5  17,1  18,1   867   611  35,1 giu  -1,2  dic   32  125    7    0

                                Precipitation (mm)

              Dep.   Max        Days of Rain
              From   Obs.           >=
 YR MO Total  Norm   Day Date  0,2  2,0 20,0
---------------------------------------------
 19  5  29,8  30,8  17,9  25     5    4    0
 19  6  20,2  21,2  20,2  22     1    1    1
 19  7  87,5  88,5  33,7  12    19   10    1
 19  8  50,8  51,8  33,4   2     7    3    1
 19  9 150,3 151,3  57,0  15    10    6    2
 19 10  53,2  54,2  15,0  15    12    7    0
 19 11 315,5 316,5  59,6   3    21   18    4
 19 12  91,5  92,5  28,8  21    10    6    2
---------------------------------------------
       798,8 806,8  59,6  nov   85   55   11

                                Wind Speed (km/h)
                          Dom
 YR MO   Avg.  Hi   Date  Dir
------------------------------
 19  1
 19  2
 19  3
 19  4
 19  5   3,6  33,0   24     S
 19  6   4,4  35,0   20     S
 19  7   4,2  43,0   27   SSE
 19  8   3,8  40,0    2   SSE
 19  9   3,4  36,0   18   SSE
 19 10   2,4  36,0    3   SSE
 19 11   3,1  76,0   26   ENE
 19 12   1,8  76,0   21   NNE
------------------------------
         3,3  76,0  nov   SSE