Rapporti sul clima in stile NOAA


Report for 2019 Gennaio
                   Monthly Climatological Summary for gen 2019

Name: Meteo Massone   City: Massone - Arco ( TN )   State: Italia
Elevation: 130 m  Lat: N 45° 55' 24"   Lon: E 010° 54' 03"

                  Temperature (°C), Rain (mm), Wind Speed (km/h)

                                      Heat  Cool        Avg
    Mean                              Deg   Deg         Wind                 Dom
Day Temp  High   Time   Low    Time   Days  Days  Rain  Speed High   Time    Dir
----------------------------------------------------------------------------------
 1   2,6   7,4   13:21   0,8   03:37  15,7   0,0   0,0   1,0  12,0   21:47   NNE
 2   4,9  10,8   13:09  -0,9   06:07  13,4   0,0   0,0   5,6  30,0   14:46     N
 3   4,3   8,6   14:32   0,3   23:53  14,0   0,0   0,0   5,6  31,0   08:19   NNE
 4   1,4   7,3   14:18  -1,7   07:53  16,9   0,0   0,0   2,6  17,0   12:01    NE
 5   2,1   7,1   12:46  -2,0   08:18  16,2   0,0   0,0   2,2  29,0   19:31     E
 6   7,1  15,6   14:52   1,4   02:45  11,2   0,0   0,0   2,8  24,0   08:57   NNE
 7   5,3   9,3   14:12   1,6   23:04  13,0   0,0   0,0   3,4  23,0   16:16   ESE
 8   2,3   6,1   13:37  -0,5   00:00  16,0   0,0   0,0   1,4  16,0   21:35   NNE
 9   4,5   9,8   13:23  -0,6   00:01  13,8   0,0   0,0   5,0  27,0   19:34     N
10   6,0  10,6   14:47   1,1   07:01  12,3   0,0   0,0   4,9  30,0   17:05     N
11   4,3   8,2   15:40   1,0   08:51  14,0   0,0   0,0   3,7  23,0   10:47   NNE
12   2,7   6,8   15:19   0,4   04:13  15,6   0,0   0,0   2,0  16,0   11:52   NNE
13   2,8   7,6   14:19  -0,9   04:04  15,5   0,0   0,0   2,6  16,0   05:40   NNE
14   8,1  15,8   13:30   2,0   01:43  10,2   0,0   0,8   6,2  42,0   11:12   NNE
15   7,0  11,6   14:38   2,5   23:50  11,3   0,0   0,0   5,4  42,0   03:40   NNE
16   4,0   9,7   14:19   0,1   07:33  14,3   0,0   0,0   1,8  15,0   14:57   SSE
17   5,1   6,2   13:05   4,1   07:20  13,2   0,0   0,8   0,4   9,0   01:42   NNE
18   6,2  11,1   13:23   2,7   07:59  12,1   0,0   1,8   3,6  34,0   10:18   NNE
19   4,4   5,7   00:12   2,4   08:07  13,9   0,0   0,0   2,3  14,0   15:19    SE
20   2,3   6,9   13:59  -0,6   23:41  16,0   0,0   0,0   2,2  18,0   05:23   ENE
21   0,7   6,2   14:13  -1,8   03:51  17,6   0,0   0,0   1,0  13,0   01:10    NE
22   1,3   7,1   14:46  -2,1   05:52  17,0   0,0   0,0   1,8  19,0   14:50     S
23   0,6   2,2   15:41  -0,7   22:08  17,7   0,0   0,0   0,9  12,0   19:35   NNE
24   3,2   9,3   15:01  -0,4   07:38  15,1   0,0   0,0   3,1  31,0   23:43    NE
25   4,4   9,7   15:50   0,0   07:03  13,9   0,0   0,0   5,2  27,0   10:23   NNE
26   2,5   6,1   00:49  -1,0   23:53  15,8   0,0   0,0   2,8  30,0   00:40     E
27   0,5   3,9   14:04  -1,8   06:27  17,8   0,0   3,6   0,6  13,0   14:05   NNE
28   2,5   6,6   12:48  -0,3   23:44  15,8   0,0   4,1   1,3  15,0   14:46     E
29   3,2  10,1   15:10  -0,6   03:23  15,1   0,0   0,0   3,2  28,0   15:28    SE
30   2,2   6,2   14:35  -1,0   04:06  16,1   0,0   0,0   1,4  19,0   15:14   NNE
31   3,0   6,9   13:10   0,3   04:05  15,3   0,0   1,3   2,2  31,0   16:12   SSE
----------------------------------------------------------------------------------
     3,6  15,8    14    -2,1    22   455,8   0,0  12,4   2,9  42,0    14      NE

Max >=  30,0:  0
Max <=  25,0: 31
Min <=   0,0: 17
Min <=  -5,0:  0
Max Rain: 4,1 on day 28
Days of Rain: 6 (>= 0,2 mm)  2 (>= 2,0 mm)  0 (>= 20,0 mm)
Heat Base: 18,3  Cool Base: 18,3  Method: Integration