Rapporti sul clima in stile NOAA


Report for 2019 Febbraio
                   Monthly Climatological Summary for feb 2019

Name: Meteo Massone   City: Massone - Arco ( TN )   State: Italia
Elevation: 130 m  Lat: N 45° 55' 24"   Lon: E 010° 54' 03"

                  Temperature (°C), Rain (mm), Wind Speed (km/h)

                                      Heat  Cool        Avg
    Mean                              Deg   Deg         Wind                 Dom
Day Temp  High   Time   Low    Time   Days  Days  Rain  Speed High   Time    Dir
----------------------------------------------------------------------------------
 1   1,8   3,0   23:33   0,1   11:24  16,5   0,0  37,8   0,9  15,0   00:08    NE
 2   5,1   7,9   13:39   2,8   00:00  13,2   0,0  25,1   1,4  18,0   12:25    NE
 3   6,9   9,9   14:28   4,1   07:59  11,4   0,0   8,0   4,2  31,0   19:38     N
 4   6,4  10,3   15:05   1,6   22:43  11,9   0,0   0,0   5,9  31,0   02:08   NNE
 5   4,1  11,0   15:13  -0,1   05:49  14,2   0,0   0,0   1,9  17,0   15:29   NNE
 6   5,3  12,6   15:01   0,9   07:00  13,0   0,0   0,0   2,4  17,0   05:17   ENE
 7   5,0  10,3   12:53   0,4   08:03  13,2   0,0   0,0   1,6  13,0   09:13     E
 8   6,5  13,3   13:24   2,6   05:04  11,8   0,0   0,0   2,2  25,0   13:38    SE
 9   5,6  11,4   13:59   1,8   07:42  12,7   0,0   0,0   1,9  21,0   14:31    SE
10   5,1   7,9   23:28   3,6   03:42  13,2   0,0   7,5   3,3  35,0   22:13   SSE
11   7,5  12,4   14:53   3,4   07:32  10,8   0,0   0,0   5,0  35,0   00:00   NNE
12   7,3  14,7   15:09   0,7   06:23  11,0   0,0   0,0   4,1  31,0   13:55   NNE
13   5,3  10,6   14:34   0,9   07:15  12,9   0,0   0,0   2,6  21,0   15:12   SSE
14   6,1  13,9   13:44   1,8   06:56  12,2   0,0   0,0   2,3  17,0   13:56   SSE
15   7,5  15,1   13:18   3,0   07:26  10,5   0,0   0,0   2,8  23,0   14:01    SE
16   7,7  14,7   13:27   3,1   07:25  10,6   0,0   0,0   2,5  19,0   06:02   ESE
17   8,3  16,1   13:51   3,4   06:47  10,0   0,0   0,0   2,1  19,0   14:06     S
18   8,3  15,1   13:23   3,8   06:04  10,0   0,0   0,0   2,3  19,0   13:28   SSE
19   7,0  12,8   14:37   2,6   05:56  11,3   0,0   0,0   2,4  19,0   15:12     S
20   5,5   9,9   11:42   2,1   05:39  12,8   0,0   0,0   2,1  20,0   13:38   SSO
21   7,8  13,6   12:24   3,3   00:00  10,4   0,0   0,0   2,4  15,0   16:30   SSE
22  12,7  21,6   14:35   5,2   05:57   6,0   0,5   0,0   6,6  35,0   15:42   NNE
23   7,7  12,8   00:00   1,9   23:55  10,6   0,0   0,0  10,4  36,0   14:48   SSE
24   3,7   8,6   14:23  -0,6   05:38  14,6   0,0   0,0   1,8  18,0   12:40    SO
25   7,4  13,8   16:33   2,0   01:31  10,9   0,0   0,0   2,5  21,0   12:19   SSO
26  10,8  17,7   12:26   5,1   06:49   7,5   0,0   0,0   2,1  17,0   13:32   NNE
27  13,3  18,9   11:17   8,4   23:34   5,0   0,0   0,0   4,2  28,0   05:24     E
28  10,5  15,4   11:29   6,8   07:33   7,8   0,0   0,0   3,2  19,0   13:51     S
----------------------------------------------------------------------------------
     7,0  21,6    22    -0,6    24   316,0   0,5  78,4   3,1  36,0    23     ESE

Max >=  30,0:  0
Max <=  25,0: 28
Min <=   0,0:  2
Min <=  -5,0:  0
Max Rain: 37,8 on day 1
Days of Rain: 4 (>= 0,2 mm)  4 (>= 2,0 mm)  2 (>= 20,0 mm)
Heat Base: 18,3  Cool Base: 18,3  Method: Integration