Rapporti sul clima in stile NOAA


Report for 2019 Marzo
                   Monthly Climatological Summary for mar 2019

Name: Meteo Massone   City: Massone - Arco ( TN )   State: Italia
Elevation: 130 m  Lat: N 45° 55' 24"   Lon: E 010° 54' 03"

                  Temperature (°C), Rain (mm), Wind Speed (km/h)

                                      Heat  Cool        Avg
    Mean                              Deg   Deg         Wind                 Dom
Day Temp  High   Time   Low    Time   Days  Days  Rain  Speed High   Time    Dir
----------------------------------------------------------------------------------
 1   8,4  13,1   12:45   4,9   08:00   9,9   0,0   0,0   2,1  15,0   14:06    NO
 2  10,3  18,4   13:59   5,4   05:31   8,0   0,0   0,0   3,0  28,0   14:21    SE
 3   9,7  15,9   12:44   4,7   06:31   8,6   0,0   0,0   2,6  19,0   13:46     S
 4   7,4  10,3   19:53   4,7   07:08  10,9   0,0   5,4   3,9  31,0   18:49   SSO
 5   8,8  14,8   13:26   4,4   07:09   9,5   0,0   0,0   3,6  24,0   16:20   SSE
 6   8,8  12,7   15:33   4,1   07:21   9,5   0,0   0,3   2,5  21,0   15:46     S
 7   9,2  11,6   00:48   8,4   06:57   9,1   0,0  26,7   2,0  24,0   16:48   NNE
 8  10,9  15,9   15:27   7,1   07:32   7,4   0,0   0,8   4,2  26,0   15:16     S
 9  10,6  15,4   16:24   5,9   06:24   7,7   0,0   0,0   3,9  17,0   13:24   NNO
10  11,1  15,7   16:24   6,3   07:24   7,2   0,0   0,0   4,4  32,0   15:24     S
11  10,4  17,8   12:23   6,8   06:57   7,9   0,0   0,0   7,1  50,0   13:07   NNE
12   8,4  15,0   14:20   2,7   05:13   9,9   0,0   0,0   4,7  30,0   14:30   SSE
13   6,6  13,0   12:00   2,7   06:51  11,7   0,0   0,3   4,9  35,0   12:01     S
14   6,8  11,9   11:49   1,9   06:42  11,5   0,0   3,6   3,4  28,0   12:52     S
15  10,5  18,4   13:02   5,3   00:19   7,8   0,0   0,0   3,0  27,0   13:14     E
16  11,1  16,8   16:00   6,8   06:43   7,2   0,0   0,0   3,0  21,0   12:41   SSO
17  10,8  14,3   13:28   6,7   03:45   7,5   0,0   0,0   4,1  29,0   15:31     S
18   9,8  14,4   15:34   5,0   23:50   8,5   0,0   6,0   7,5  53,0   04:11     N
19   7,4  13,6   11:52   3,0   06:24  10,9   0,0   0,0   5,5  33,0   12:08     S
20   7,6  12,7   12:05   3,1   06:41  10,7   0,0   0,0   5,2  33,0   12:38   SSE
21   8,0  13,6   12:16   3,0   04:39  10,3   0,0   0,0   4,2  27,0   13:19   SSE
22  10,5  17,3   12:22   3,7   06:52   7,8   0,0   0,0   3,5  22,0   14:12     S
23  13,3  20,2   12:31   7,3   05:22   5,3   0,3   0,0   4,1  23,0   16:26   SSE
24  14,6  21,4   12:28   8,0   06:10   4,3   0,6   0,0   3,5  22,0   13:50     S
25  14,4  19,8   15:10   8,8   06:50   4,0   0,1   0,0   6,9  63,0   20:42   NNE
26  11,5  17,9   15:02   6,7   07:59   7,0   0,0   0,0   8,3  42,0   02:32     N
27   9,6  13,8   15:49   5,9   00:40   8,7   0,0   0,0   5,4  32,0   14:55     S
28   8,7  14,0   15:41   3,1   06:07   9,5   0,0   0,0   4,4  32,0   13:18     S
29  10,5  16,2   14:22   4,9   03:26   7,8   0,0   0,0   4,1  33,0   13:47     S
30  11,8  18,1   15:17   5,8   05:42   6,5   0,0 105,7   3,8  23,0   12:24     S
31  13,6  19,9   16:37   7,6   05:04   4,9   0,3   0,0   3,7  28,0   13:11   SSE
----------------------------------------------------------------------------------
    10,0  21,4    24     1,9    14   257,5   1,3 148,8   4,3  63,0    25     SSE

Max >=  30,0:  0
Max <=  25,0: 31
Min <=   0,0:  0
Min <=  -5,0:  0
Max Rain: 105,7 on day 30
Days of Rain: 8 (>= 0,2 mm)  5 (>= 2,0 mm)  2 (>= 20,0 mm)
Heat Base: 18,3  Cool Base: 18,3  Method: Integration