Rapporti sul clima in stile NOAA


Report for 2019 Aprile
                   Monthly Climatological Summary for apr 2019

Name: Meteo Massone   City: Massone - Arco ( TN )   State: Italia
Elevation: 130 m  Lat: N 45° 55' 24"   Lon: E 010° 54' 03"

                  Temperature (°C), Rain (mm), Wind Speed (km/h)

                                      Heat  Cool        Avg
    Mean                              Deg   Deg         Wind                 Dom
Day Temp  High   Time   Low    Time   Days  Days  Rain  Speed High   Time    Dir
----------------------------------------------------------------------------------
 1  15,3  21,1   15:35  10,3   01:25   3,6   0,7   0,0   4,9  30,0   16:06   SSE
 2  14,9  20,0   15:37  10,7   04:17   3,5   0,2   0,3   5,4  36,0   21:31   SSE
 3  11,8  13,8   10:29   9,8   23:51   6,5   0,0   4,9   2,4  21,0   00:58   NNE
 4   8,8   9,8   00:00   7,3   19:48   9,5   0,0  47,9   4,2  23,0   19:40   NNE
 5   9,5  13,7   16:01   6,4   02:46   8,8   0,0   7,0   3,1  25,0   05:46     S
 6  10,9  13,1   16:04   9,8   09:11   7,4   0,0   0,0   2,8  27,0   14:12     S
 7  10,7  15,0   16:51   7,3   06:27   7,6   0,0   0,0   2,4  17,0   14:16     S
 8  11,0  16,8   14:47   7,1   03:09   7,2   0,0   0,8   1,7  15,0   15:53    NE
 9  11,0  13,1   10:25   9,9   23:47   7,4   0,0  13,5   2,1  26,0   16:22   NNE
10  12,3  16,9   13:10   9,4   04:27   6,0   0,0   9,8   2,5  33,0   14:19   ESE
11  10,7  11,9   11:15  10,1   05:16   7,8   0,0   7,8   1,7  13,0   12:45   SSO
12  11,5  14,8   16:42   8,1   06:41   6,8   0,0   0,3   6,5  39,0   13:51     S
13   9,8  11,0   16:47   8,4   07:25   8,5   0,0   0,8   5,4  28,0   15:47   SSE
14   9,5  12,2   16:06   8,4   03:44   8,8   0,0   1,3   0,7  13,0   07:39     N
15  11,2  16,1   17:21   7,4   05:12   7,1   0,0   0,3   3,1  30,0   12:10     S
16  11,4  16,4   12:40   6,8   06:32   6,7   0,0   5,7   2,9  29,0   12:32     S
17  13,3  20,1   16:25   7,9   06:24   4,9   0,2   0,0   4,0  26,0   16:27   SSE
18  14,7  19,3   15:28  10,9   01:26   3,7   0,1   0,0   3,6  27,0   12:54     S
19  15,3  19,4   14:53  11,4   06:10   3,2   0,2   0,0   4,5  27,0   15:39     S
20  16,2  22,6   12:59  10,6   06:29   3,0   1,0   0,0   4,3  26,0   15:02   SSE
21  16,6  21,6   15:28  11,3   05:46   2,6   0,9   0,0   4,7  26,0   13:55   SSE
22  15,4  19,8   12:11  10,0   05:49   3,0   0,1   0,0   4,2  30,0   22:34     S
23  13,8  17,3   00:00  12,0   23:44   4,5   0,0   6,2   4,6  27,0   12:28   NNE
24  13,8  19,1   14:53  11,6   05:35   4,5   0,0  15,5   2,2  23,0   15:32    NE
25  14,2  18,2   14:09  11,1   05:39   4,1   0,0   3,6   2,8  21,0   11:15   SSE
26  13,6  19,1   15:49   9,1   23:31   4,8   0,0   1,6   5,3  43,0   17:14     S
27  13,6  19,3   12:22   8,4   04:45   4,9   0,1   0,0   3,6  26,0   13:23    SE
28  11,6  16,7   14:53   7,6   09:37   6,7   0,0   7,8   7,8  41,0   06:17     N
29  11,0  14,3   13:50   7,5   05:52   7,3   0,0   0,5   5,3  36,0   02:59   NNO
30  13,9  21,3   14:07   7,1   02:03   4,8   0,4   0,0   4,3  28,0   14:27    SE
----------------------------------------------------------------------------------
    12,6  22,6    20     6,4     5   175,2   3,9 135,6   3,6  43,0    26     SSE

Max >=  30,0:  0
Max <=  25,0: 30
Min <=   0,0:  0
Min <=  -5,0:  0
Max Rain: 47,9 on day 4
Days of Rain: 19 (>= 0,2 mm)  11 (>= 2,0 mm)  1 (>= 20,0 mm)
Heat Base: 18,3  Cool Base: 18,3  Method: Integration