Rapporti sul clima in stile NOAA


Report for 2019 Maggio
                   Monthly Climatological Summary for mag 2019

Name: Meteo Massone   City: Massone - Arco ( TN )   State: Italia
Elevation: 130 m  Lat: N 45° 55' 24"   Lon: E 010° 54' 03"

                  Temperature (°C), Rain (mm), Wind Speed (km/h)

                                      Heat  Cool        Avg
    Mean                              Deg   Deg         Wind                 Dom
Day Temp  High   Time   Low    Time   Days  Days  Rain  Speed High   Time    Dir
----------------------------------------------------------------------------------
 1  15,4  21,4   12:58   8,8   07:53   3,6   0,7   0,0   4,6  31,0   14:00     S
 2  15,3  20,2   17:44   9,6   07:00   3,3   0,3   3,6   6,9  37,0   17:41     S
 3  13,0  16,9   11:39  11,3   06:16   5,3   0,0   3,6   2,4  23,0   14:14     S
 4  12,5  16,3   15:23  10,3   06:16   5,8   0,0   5,2   2,8  24,0   13:41   SSO
 5   9,3  11,9   19:29   5,1   07:23   9,0   0,0  23,6  15,3  67,0   05:41   NNE
 6  12,9  17,4   13:24   8,9   06:17   5,4   0,0   0,0   7,7  55,0   14:37   NNO
 7  12,1  16,2   17:54   6,0   06:29   6,2   0,0   0,0   7,6  32,0   19:18   SSE
 8  11,3  13,5   00:03   9,6   23:35   7,0   0,0   2,3   2,6  21,0   19:02   SSO
 9  12,3  17,0   17:30   8,9   05:22   6,0   0,0   3,4   3,3  23,0   15:02     S
10  15,1  19,8   15:42   9,9   03:03   3,5   0,3   0,0   5,7  33,0   16:32     S
11  13,8  16,2   16:48   9,4   23:46   4,5   0,0  25,1   3,1  66,0   20:31   NNE
12  14,4  17,4   16:27   9,4   00:00   3,9   0,0   0,3  12,1  57,0   22:24     N
13  17,3  21,0   15:18  15,2   22:43   1,4   0,4   0,0  12,3  54,0   04:57     N
14  14,3  19,2   11:45   8,5   23:41   4,0   0,0   0,0   9,6  35,0   12:32   SSE
15  10,2  12,3   18:01   7,9   01:26   8,1   0,0   0,0   4,5  32,0   11:44     S
16  12,5  18,1   15:29   6,6   05:02   5,8   0,0   0,0   5,4  31,0   15:47   SSO
17  14,7  18,4   17:42  12,1   06:21   3,6   0,0   1,3   2,2  13,0   12:48   SSO
18  13,3  15,0   16:07  11,4   23:47   5,0   0,0   6,0   2,6  27,0   14:30   NNE
19  12,2  14,3   17:34  11,0   05:13   6,1   0,0   6,7   1,5  15,0   00:00   SSE
20  12,8  14,3   16:12  11,2   06:09   5,4   0,0   3,1   0,0   0,0   00:00   ---
21  15,3  19,0   15:32  12,4   05:06   3,0   0,1   0,3   2,2  17,0   13:32   SSO
22  16,9  20,6   16:47  14,1   06:07   1,7   0,4   0,0   4,3  25,0   15:25     S
23  17,8  22,8   13:20  12,4   07:56   1,9   1,4   0,0   4,8  33,0   12:57     S
24  19,3  22,8   15:49  15,8   05:40   0,6   1,7   0,0   4,8  30,0   15:20     S
25  18,0  22,6   16:34  14,6   10:32   1,1   0,8  17,9   2,9  27,0   14:46   NNE
26  17,7  23,3   16:52  14,2   05:14   1,6   1,0   3,4   1,5  25,0   12:19   NNE
27  14,9  16,6   01:15  13,6   13:54   3,4   0,0   2,9   0,9  12,0   18:28   ESE
28  15,5  18,9   15:45  13,1   04:40   2,9   0,0   5,4   1,3  29,0   21:11   NNO
29  15,6  18,8   13:58  13,4   23:53   2,7   0,0   0,3   5,1  29,0   09:58    NO
30  16,0  20,9   15:24  11,1   05:38   2,7   0,3   0,0   5,3  32,0   16:10     S
31  17,2  22,8   17:04  10,8   06:04   2,4   1,3   0,0   5,0  31,0   15:42     S
----------------------------------------------------------------------------------
    14,5  23,3    26     5,1     5   126,9   8,7 114,4   4,9  67,0     5     SSE

Max >=  30,0:  0
Max <=  25,0: 31
Min <=   0,0:  0
Min <=  -5,0:  0
Max Rain: 25,1 on day 11
Days of Rain: 18 (>= 0,2 mm)  14 (>= 2,0 mm)  2 (>= 20,0 mm)
Heat Base: 18,3  Cool Base: 18,3  Method: Integration