Rapporti sul clima in stile NOAA


Report for 2019 Giugno
                   Monthly Climatological Summary for giu 2019

Name: Meteo Massone   City: Massone - Arco ( TN )   State: Italia
Elevation: 130 m  Lat: N 45° 55' 24"   Lon: E 010° 54' 03"

                  Temperature (°C), Rain (mm), Wind Speed (km/h)

                                      Heat  Cool        Avg
    Mean                              Deg   Deg         Wind                 Dom
Day Temp  High   Time   Low    Time   Days  Days  Rain  Speed High   Time    Dir
----------------------------------------------------------------------------------
 1  19,9  25,6   16:10  13,1   05:33   1,5   3,1   0,0   5,3  32,0   16:36     S
 2  22,1  27,3   15:50  16,4   03:12   0,4   4,1   0,0   5,3  30,0   16:22     S
 3  22,9  28,1   15:35  17,1   05:18   0,1   4,7   0,0   3,8  29,0   13:45     S
 4  23,0  28,8   12:50  19,1   05:45   0,0   4,7   0,0   3,0  22,0   12:56     S
 5  22,8  27,3   17:23  18,3   04:59   0,0   4,5   0,0   5,5  33,0   17:44     S
 6  19,9  24,0   16:05  16,5   06:50   0,3   1,8   0,0   4,6  30,0   13:11     S
 7  20,1  25,4   15:40  14,4   05:42   1,0   2,8   0,0   4,5  32,0   14:00   SSO
 8  22,2  26,9   18:22  17,7   06:01   0,0   4,0   0,0   5,4  33,0   16:09     S
 9  22,3  28,0   16:04  17,3   05:33   0,1   4,1   0,0   2,3  21,0   12:47   ENE
10  25,8  29,9   15:01  21,3   00:00   0,0   2,8   0,0   4,6  23,0   15:39   NNE
11  23,9  27,9   14:39  20,3   05:39   0,0   5,6   0,0   3,2  24,0   19:43    NE
12  24,3  29,0   15:55  20,3   04:57   0,0   6,0   0,0   4,5  29,0   16:06     S
13  22,8  27,8   15:08  16,9   06:39   0,1   4,6   0,0   6,2  34,0   15:56     S
14  23,9  31,3   14:17  17,0   04:01   0,1   5,7   0,0   3,4  21,0   04:47   SSE
15  25,0  29,3   16:13  20,3   05:28   0,0   6,7   0,0   4,9  24,0   15:15     S
16  24,6  29,4   15:18  19,3   05:18   0,0   6,3   0,0   3,9  27,0   13:34     S
17  25,5  29,4   16:00  20,3   07:08   0,0   7,2   0,0   5,5  32,0   16:27     S
18  24,6  29,0   18:01  20,3   06:08   0,0   6,3   0,0   3,4  25,0   13:31     S
19  24,7  28,9   11:24  21,6   06:46   0,0   6,4   0,0   4,3  30,0   14:42     S
20  24,9  29,4   15:46  20,8   07:07   0,0   6,6   0,0   6,6  36,0   16:14     S
21  24,5  28,9   15:30  20,0   06:42   0,0   6,2   0,0   4,8  26,0   14:35    SE
22  19,9  22,4   00:43  16,9   23:57   0,0   1,7  20,2   2,9  24,0   14:53   NNE
23  21,8  27,9   16:45  15,8   03:58   0,6   4,2   0,0   3,9  23,0   13:19   SSE
24  24,7  30,1   17:21  18,9   04:42   0,0   6,4   0,0   4,3  24,0   13:47   SSE
25  26,7  31,5   17:43  21,3   05:28   0,0   8,4   0,0   3,1  23,0   14:59     S
26  30,0  32,8   18:05  25,1   00:00   0,0   3,2   0,0   2,8  17,0   18:21     S
27  30,0  35,1   15:15  24,7   06:22   0,0  11,7   0,0   3,6  22,0   17:34     S
28  29,5  33,4   12:22  24,8   06:26   0,0  11,2   0,0   5,2  30,0   15:28     S
29  27,3  30,5   16:45  23,8   05:50   0,0   9,0   0,0   5,8  35,0   15:01     S
30  27,4  32,3   17:01  21,6   05:43   0,0   9,1   0,0   4,4  32,0   17:06     S
----------------------------------------------------------------------------------
    24,2  35,1    27    13,1     1     4,2 169,1  20,2   4,4  36,0    20       S

Max >=  30,0:  8
Max <=  25,0:  2
Min <=   0,0:  0
Min <=  -5,0:  0
Max Rain: 20,2 on day 22
Days of Rain: 1 (>= 0,2 mm)  1 (>= 2,0 mm)  1 (>= 20,0 mm)
Heat Base: 18,3  Cool Base: 18,3  Method: Integration