Rapporti sul clima in stile NOAA


Report for 2019 Luglio
                   Monthly Climatological Summary for lug 2019

Name: Meteo Massone   City: Massone - Arco ( TN )   State: Italia
Elevation: 130 m  Lat: N 45° 55' 24"   Lon: E 010° 54' 03"

                  Temperature (°C), Rain (mm), Wind Speed (km/h)

                                      Heat  Cool        Avg
    Mean                              Deg   Deg         Wind                 Dom
Day Temp  High   Time   Low    Time   Days  Days  Rain  Speed High   Time    Dir
----------------------------------------------------------------------------------
 1  27,4  32,6   16:13  22,0   22:50   0,0   9,1   0,3   6,5  35,0   14:55     S
 2  25,5  32,7   14:14  20,8   05:13   0,0   7,2   2,3   3,6  32,0   16:19   ESE
 3  21,4  23,1   17:23  19,7   22:10   0,0   0,7   7,3   3,0  24,0   17:17     E
 4  22,5  28,3   14:19  18,5   06:23   0,0   4,2   0,3   3,3  24,0   15:54     S
 5  24,8  30,4   17:15  18,8   07:02   0,0   6,5   0,0   3,9  25,0   12:39     S
 6  26,1  30,6   17:08  22,7   23:39   0,0   2,4   0,3   9,4  37,0   19:30   ENE
 7  23,8  29,3   14:42  20,4   06:45   0,0   5,5   0,3   4,4  39,0   17:09   NNE
 8  23,5  29,1   15:09  17,7   06:28   0,0   5,2   0,0   4,7  27,0   18:33   SSE
 9  22,3  27,1   14:40  20,0   03:49   0,0   4,0   1,3   5,0  37,0   15:38    SE
10  23,3  26,8   14:59  18,9   05:41   0,0   5,0   0,0   7,3  36,0   14:15     S
11  21,5  24,8   14:32  18,2   23:47   0,0   3,2   3,1   4,9  29,0   14:31     S
12  20,5  26,8   15:27  16,8   06:09   0,2   2,3  33,7   3,3  40,0   16:08    SE
13  22,2  29,3   14:41  16,6   05:19   0,3   4,2   0,5   3,4  25,0   15:01   SSE
14  22,0  27,8   12:28  15,6   05:21   0,5   4,2   1,0   4,6  33,0   14:32     S
15  19,7  24,4   15:41  16,3   07:46   0,5   1,9   3,1   3,5  26,0   06:29     E
16  21,6  26,3   16:46  15,6   06:07   0,6   3,9   0,0   5,8  31,0   17:37     S
17  23,2  28,5   17:23  17,6   05:28   0,0   4,9   0,0   5,2  32,0   13:41     S
18  21,8  28,1   14:59  17,9   09:21   0,0   3,5   3,1   3,4  24,0   16:01   ENE
19  23,3  28,6   16:58  17,7   05:27   0,1   5,1   0,0   3,7  31,0   17:02     S
20  25,2  29,4   15:52  20,1   05:07   0,0   6,9   0,0   5,6  32,0   16:09     S
21  24,7  30,4   14:21  20,8   04:59   0,0   6,4   9,8   2,7  26,0   14:37   SSE
22  26,1  31,3   16:24  21,0   04:30   0,0   7,8   0,0   3,1  23,0   17:47     S
23  27,5  32,3   16:21  22,7   05:49   0,0   9,2   0,0   3,3  25,0   15:50     S
24  28,2  33,0   16:13  23,3   05:26   0,0   9,9   0,0   3,3  27,0   14:12     S
25  28,3  33,0   14:45  21,7   23:07   0,0  10,0   2,1   5,1  38,0   21:56   SSE
26  25,6  32,5   15:34  21,4   03:04   0,0   7,3   0,3   4,9  36,0   19:11    NE
27  23,4  29,9   15:31  17,9   23:56   0,0   5,1   8,3   5,3  43,0   18:22   SSE
28  20,3  23,2   16:10  17,8   00:29   0,0   2,1   0,8   1,1  11,0   23:11   ENE
29  24,1  29,4   13:22  19,8   03:18   0,0   5,8   0,0   2,2  19,0   13:37     S
30  25,8  30,6   17:59  20,8   06:42   0,0   7,5   0,0   5,3  31,0   17:14     S
31  23,7  30,5   12:38  19,6   14:33   0,0   5,4   9,6   3,2  32,0   14:12   NNE
----------------------------------------------------------------------------------
    23,8  33,0    24    15,6    14     2,2 166,4  87,5   4,2  43,0    27     SSE

Max >=  30,0: 12
Max <=  25,0:  4
Min <=   0,0:  0
Min <=  -5,0:  0
Max Rain: 33,7 on day 12
Days of Rain: 19 (>= 0,2 mm)  10 (>= 2,0 mm)  1 (>= 20,0 mm)
Heat Base: 18,3  Cool Base: 18,3  Method: Integration