Rapporti sul clima in stile NOAA


Report for 2019 Agosto
                   Monthly Climatological Summary for ago 2019

Name: Meteo Massone   City: Massone - Arco (TN)   State: Italia
Elevation: 130 m  Lat: N 45 55 23   Lon: E 010 54 02

                  Temperature (°C), Rain (mm), Wind Speed (km/h)

                                      Heat  Cool        Avg
    Mean                              Deg   Deg         Wind                 Dom
Day Temp  High   Time   Low    Time   Days  Days  Rain  Speed High   Time    Dir
----------------------------------------------------------------------------------
01  24,5  29,7   15:25  18,4   05:29   0,0   6,1   0,0   4,8  30,0   18:19     S
02  21,2  26,1   13:26  16,9   23:21   0,1   2,9  33,4   3,4  40,0   16:01    NE
03  21,5  28,0   13:36  15,1   06:25   0,8   3,9   0,0   3,1  28,0   13:48     S
04  23,2  27,7   13:42  17,5   04:58   0,0   4,9   0,0   3,6  26,0   16:34     S
05  24,4  28,8   15:17  20,4   06:39   0,0   6,1   0,0   3,3  23,0   17:53     S
06  24,3  29,1   16:36  20,4   23:52   0,0   6,0   0,5   4,3  32,0   21:40     S
07  22,0  27,6   15:24  18,6   06:30   0,0   3,7  13,5   2,0  23,0   20:06   NNE
08  23,4  28,6   17:37  18,4   05:45   0,0   5,1   0,0   3,8  23,0   13:59     S
09  25,4  29,8   16:59  21,3   05:57   0,0   7,1   0,0   3,4  23,0   14:50     S
10  26,5  31,3   16:36  21,6   05:09   0,0   8,2   0,0   4,9  32,0   15:44     S
11  26,4  31,0   16:43  22,1   06:01   0,0   8,0   0,0   2,4  22,0   18:23     S
12  24,5  29,6   14:50  20,7   23:37   0,0   6,2   0,3   1,6  29,0   20:05     E
13  24,1  30,3   13:57  19,0   06:45   0,0   5,7   0,3   3,8  27,0   23:38   SSE
14  22,7  26,9   12:51  16,8   06:25   0,1   4,5   2,3   6,4  28,0   13:12    SE
15  22,5  25,8   16:15  18,4   06:29   0,0   4,2   0,0   4,5  33,0   23:38     S
16  22,1  27,3   13:09  17,7   07:40   0,0   3,8   0,0   6,4  31,0   15:57   SSE
17  22,1  27,0   14:05  17,6   02:52   0,0   3,8   0,0   2,6  26,0   13:13     S
18  23,8  28,8   16:20  18,3   07:21   0,0   5,5   0,0   4,7  33,0   18:04     S
19  25,1  29,4   16:24  21,3   03:39   0,0   6,8   0,0   4,2  26,0   14:18     S
20  25,1  30,1   17:05  21,1   06:24   0,0   6,8   0,0   2,0  21,0   13:39     S
21  25,0  30,4   16:27  20,9   05:30   0,0   6,7   0,5   6,9  33,0   00:03     N
22  24,5  28,9   13:22  20,7   06:32   0,0   6,2   0,0   5,0  30,0   05:14   SSE
23  23,4  27,3   14:22  20,1   06:24   0,0   5,1   0,0   3,6  23,0   05:06     N
24  23,8  29,6   12:51  19,4   07:09   0,0   5,5   0,0   2,4  24,0   13:26   NNO
25  24,2  29,7   14:22  18,8   06:34   0,0   5,9   0,0   2,5  20,0   14:14     E
26  24,7  30,3   13:11  19,9   05:47   0,0   6,4   0,0   3,2  22,0   13:45    SE
27  24,7  30,2   13:37  19,8   05:48   0,0   6,4   0,0   3,6  28,0   15:32    SE
28  25,4  29,3   12:00  21,8   06:27   0,0   7,0   0,0   3,7  25,0   13:48   SSE
29  25,4  31,4   14:20  22,9   03:03   0,0   7,1   0,0   3,6  20,0   11:37   NNE
30  26,3  32,2   13:54  21,8   07:13   0,0   8,0   0,0   5,5  26,0   14:33    SE
31  25,1  31,3   13:45  21,9   07:24   0,0   6,7   0,0   4,0  25,0   16:43   NNE
----------------------------------------------------------------------------------
    24,1  32,2    30    15,1     3     1,0 180,3  50,8   3,8  40,0     2     SSE

Max >=  30,0 10
Max <=  25,0  0
Min <=   0,0  0
Min <=  -5,0  0
Max Rain: 33,4 on day 2
Days of Rain: 7 (>= 0,2 mm)  3 (>= 2,0 mm)  1 (>= 20,0 mm)
Heat Base: 18,3  Cool Base: 18,3  Method: Integration