Rapporti sul clima in stile NOAA


Report for 2019 Settembre
                   Monthly Climatological Summary for set 2019

Name: Meteo Massone   City: Massone - Arco (TN)   State: Italia
Elevation: 130 m  Lat: N 45 55 23   Lon: E 010 54 02

                  Temperature (°C), Rain (mm), Wind Speed (km/h)

                                      Heat  Cool        Avg
    Mean                              Deg   Deg         Wind                 Dom
Day Temp  High   Time   Low    Time   Days  Days  Rain  Speed High   Time    Dir
----------------------------------------------------------------------------------
01  24,2  30,8   14:08  20,3   07:15   0,0   5,8   0,0   3,5  24,0   14:41   NNE
02  22,2  25,6   16:20  18,5   12:02   0,0   3,9  12,2   5,6  30,0   15:22   NNE
03  22,2  26,8   12:51  17,8   08:43   0,0   3,9   0,0   5,3  30,0   13:35   SSE
04  21,0  25,0   15:33  16,6   06:25   0,2   2,8   0,0   4,0  27,0   14:05     S
05  21,6  26,6   17:07  16,2   07:11   0,4   3,7   0,0   4,1  29,0   13:46   SSE
06  16,5  23,3   00:00  13,8   11:06   2,7   0,9  46,6   4,4  32,0   03:48   NNE
07  17,2  23,4   14:22  13,5   03:09   1,9   0,8   0,3   1,6  19,0   14:14     N
08  14,2  17,6   00:00  11,7   23:53   4,1   0,0  19,9   3,1  31,0   14:57   NNE
09  15,6  22,1   13:38   9,7   07:23   3,6   0,9   0,0   3,0  26,0   14:28   SSE
10  17,7  25,0   14:43  12,8   05:43   2,1   1,6   0,0   2,7  24,0   15:20   SSE
11  18,8  24,4   14:01  13,4   06:14   1,3   1,8   0,0   2,6  25,0   14:51     S
12  20,3  25,8   15:10  15,1   06:46   0,8   2,7   0,0   3,2  21,0   13:30     S
13  20,9  26,1   14:18  16,0   05:25   0,4   3,0   0,0   3,0  21,0   15:49     S
14  21,6  26,4   13:32  16,7   08:12   0,2   3,5   0,0   2,6  24,0   14:46     S
15  22,4  26,0   14:43  19,4   23:43   0,0   4,3  57,0   2,8  26,0   13:58     S
16  21,9  26,7   16:15  17,3   06:53   0,1   3,8   0,0   2,9  19,0   14:27     S
17  23,0  26,4   17:21  19,9   06:58   0,0   4,7   0,0   2,2  21,0   16:42   SSO
18  22,0  26,8   12:27  19,2   07:34   0,0   3,7   6,2   5,0  36,0   18:30     S
19  19,1  21,2   16:04  17,0   08:25   0,2   1,0   0,3   4,2  30,0   16:35   SSE
20  17,7  19,8   13:23  12,7   23:59   0,9   0,3   0,0   7,6  35,0   13:26     S
21  15,3  20,8   16:30  10,6   08:43   3,5   0,5   0,0   3,7  28,0   15:43     S
22  15,9  18,6   13:43  13,9   04:56   2,4   0,0   0,0   1,8  16,0   05:32   SSE
23  15,0  17,1   18:06  13,1   23:44   3,4   0,0   6,7   1,5  25,0   16:10    NE
24  16,6  22,9   17:05  11,4   07:15   2,7   1,0   0,0   4,3  30,0   17:31   SSE
25  17,2  22,4   13:51  13,4   06:44   2,0   0,9   0,3   4,6  27,0   21:37   ESE
26  17,2  24,5   14:35  13,1   06:20   1,9   0,9   0,0   3,0  18,0   00:29   NNE
27  18,2  20,9   16:20  16,1   06:25   0,6   0,6   0,0   1,0  17,0   15:58    NO
28  19,5  23,4   16:26  17,2   07:21   0,3   1,5   0,0   2,1  23,0   15:43     S
29  19,3  22,5   17:31  16,0   03:55   0,7   1,8   0,0   3,6  24,0   18:54     S
30  19,6  25,6   13:43  15,1   07:39   0,8   2,1   0,8   1,7  24,0   13:55     S
----------------------------------------------------------------------------------
    19,1  30,8     1     9,7     9    37,2  62,4 150,3   3,4  36,0    18     SSE

Max >=  30,0  1
Max <=  25,0 18
Min <=   0,0  0
Min <=  -5,0  0
Max Rain: 57,0 on day 15
Days of Rain: 10 (>= 0,2 mm)  6 (>= 2,0 mm)  2 (>= 20,0 mm)
Heat Base: 18,3  Cool Base: 18,3  Method: Integration