Rapporti sul clima in stile NOAA


Report for 2019 Ottobre
                   Monthly Climatological Summary for ott 2019

Name: Meteo Massone   City: Massone - Arco (TN)   State: Italia
Elevation: 130 m  Lat: N 45 55 23   Lon: E 010 54 02

                  Temperature (°C), Rain (mm), Wind Speed (km/h)

                                      Heat  Cool        Avg
    Mean                              Deg   Deg         Wind                 Dom
Day Temp  High   Time   Low    Time   Days  Days  Rain  Speed High   Time    Dir
----------------------------------------------------------------------------------
01  20,0  23,6   14:21  17,3   07:45   0,2   1,9   0,5   2,1  26,0   17:34     S
02  17,9  20,9   17:02  14,9   21:08   0,9   0,4   4,1   1,5  24,0   13:01   NNE
03  16,3  20,8   14:14  10,9   23:57   2,2   0,2   0,0   7,3  36,0   07:02     N
04  13,0  17,1   16:10   9,3   04:45   5,3   0,0   0,0   3,0  30,0   17:10   SSE
05  14,1  18,9   14:39   9,7   08:04   4,2   0,0   0,0   2,5  21,0   14:39   SSO
06  14,7  18,4   14:44  10,1   04:23   3,6   0,0   0,0   5,3  30,0   20:24     S
07  15,8  20,0   13:12  11,9   07:54   2,7   0,2   5,4   2,7  29,0   09:14   SSE
08  14,8  16,6   17:22  12,2   23:56   3,4   0,0   0,0   2,8  24,0   00:56     S
09  13,4  16,1   14:53  11,4   03:35   4,9   0,0   1,3   1,6  24,0   16:25   SSO
10  14,4  21,1   15:27   9,9   07:06   4,1   0,3   0,0   2,1  21,0   15:52    SE
11  13,7  19,9   14:36   9,3   05:57   4,7   0,2   0,0   2,2  19,0   15:00   SSE
12  14,3  19,3   13:48   9,4   07:12   4,1   0,1   0,0   2,6  19,0   13:40     S
13  15,0  19,4   14:35  11,1   07:35   3,4   0,1   0,0   2,4  23,0   15:41     S
14  16,0  20,3   14:23  12,1   08:43   2,6   0,3   0,0   2,9  24,0   12:45     S
15  16,6  19,9   14:54  14,7   23:58   1,8   0,2  15,0   1,0  17,0   15:09   NNE
16  15,7  21,9   14:32  12,1   23:58   2,9   0,4   0,0   3,0  33,0   15:01     S
17  14,8  19,9   13:20  10,7   07:25   3,7   0,2   0,0   3,2  31,0   17:53     S
18  15,0  18,1   12:27  12,2   02:37   3,3   0,0   0,0   3,6  25,0   17:29     S
19  14,6  15,8   00:00  13,9   08:09   3,7   0,0   5,2   0,7  21,0   20:27    NE
20  16,8  21,0   14:22  13,6   07:44   2,0   0,5   4,9   2,2  17,0   13:00   SSE
21  17,3  22,1   16:01  15,4   03:36   1,6   0,6  11,4   2,3  27,0   08:35    NE
22  17,7  23,7   15:01  14,7   08:35   1,5   0,9   0,0   1,8  19,0   07:59   NNE
23  17,2  23,3   15:20  13,8   05:22   2,0   0,9   0,0   1,8  15,0   08:47    NE
24  15,2  16,8   14:47  13,7   03:55   3,1   0,0   2,3   1,8  26,0   06:17   NNE
25  16,0  21,9   14:23  12,5   08:12   2,8   0,5   0,0   1,4  22,0   14:52   SSE
26  15,3  22,1   14:50  11,4   06:32   3,6   0,6   0,0   1,2  15,0   00:28     S
27  15,0  21,3   13:10  11,4   05:07   3,8   0,4   0,0   1,3  15,0   05:55     S
28  14,4  18,9   14:01  11,9   05:54   3,9   0,0   0,5   0,7  16,0   14:36   SSO
29  14,2  15,4   13:07  13,3   03:03   4,1   0,0   1,0   0,2   8,0   15:37    SO
30  13,4  14,6   03:59  12,8   08:06   4,9   0,0   1,6   4,0  24,0   06:16   SSE
31  12,1  13,1   00:08  11,3   23:03   6,2   0,0   0,0   3,1  19,0   00:34   SSE
----------------------------------------------------------------------------------
    15,3  23,7    22     9,3     4   101,2   8,9  53,2   2,4  36,0     3     SSE

Max >=  30,0  0
Max <=  25,0 31
Min <=   0,0  0
Min <=  -5,0  0
Max Rain: 15,0 on day 15
Days of Rain: 12 (>= 0,2 mm)  7 (>= 2,0 mm)  0 (>= 20,0 mm)
Heat Base: 18,3  Cool Base: 18,3  Method: Integration