Rapporti sul clima in stile NOAA


Report for 2019 Novembre
                   Monthly Climatological Summary for nov 2019

Name: Meteo Massone   City: Massone - Arco (TN)   State: Italia
Elevation: 130 m  Lat: N 45 55 23   Lon: E 010 54 02

                  Temperature (°C), Rain (mm), Wind Speed (km/h)

                                      Heat  Cool        Avg
    Mean                              Deg   Deg         Wind                 Dom
Day Temp  High   Time   Low    Time   Days  Days  Rain  Speed High   Time    Dir
----------------------------------------------------------------------------------
01  11,7  12,9   14:44  11,0   01:48   6,6   0,0   0,0   3,4  20,0   22:47   SSE
02  10,9  11,8   00:00  10,0   08:27   7,4   0,0   0,3   0,9  21,0   00:15     S
03  10,4  11,5   13:05   9,6   19:38   7,9   0,0  59,6   0,8  20,0   09:40   NNE
04  11,7  16,1   12:56   8,1   06:21   6,6   0,0   4,4   1,5  19,0   13:36   SSE
05  11,1  12,7   14:27   9,7   23:38   7,2   0,0  13,5   4,6  63,0   00:21   ENE
06   8,4  10,1   00:35   6,6   23:59   9,8   0,0  16,3   4,0   4,0   00:00     E
07   7,5  11,0   14:18   3,9   07:31  10,8   0,0   5,7   2,9  12,0   11:20   ESE
08   7,1   8,1   00:18   6,0   10:33  11,2   0,0  18,9   2,0   2,0   00:00    SE
09   8,2  13,9   14:17   5,3   23:41  10,1   0,0   0,5   1,8  25,0   16:37    SE
10   6,7  13,1   14:05   3,3   07:04  11,6   0,0   0,0   1,1  30,0   06:54     E
11   5,8   7,0   11:00   4,1   02:37  12,5   0,0   4,9   1,4  13,0   03:33    NE
12   7,5  10,2   18:42   5,7   00:26  10,8   0,0  17,6   3,3  33,0   23:14    NE
13   7,0  10,9   14:45   4,5   23:06  11,3   0,0  19,4   5,1  32,0   12:47    NE
14   5,9  10,1   14:39   2,0   06:29  12,4   0,0   0,0   2,4  28,0   13:08   NNE
15   5,5   6,9   00:11   4,8   16:43  12,7   0,0  45,8   1,7  36,0   20:40   NNE
16   7,7  11,9   12:48   5,0   00:08  10,6   0,0   3,1   1,3  51,0   20:50    NE
17   6,7   8,3   18:58   5,0   23:43  11,5   0,0  30,3   3,8  35,0   00:02    NE
18   6,1   8,4   14:33   3,0   07:36  12,2   0,0   4,7   4,0   4,0   00:00     E
19   6,5   7,3   15:52   5,6   06:58  11,8   0,0  15,3   4,0   4,0   00:00     E
20   8,9  13,8   14:48   6,8   08:11   9,4   0,0   0,0   2,6  49,0   19:46   ENE
21   7,6  10,3   15:17   6,1   02:59  10,7   0,0   0,5   7,6  74,0   20:32    NE
22   8,7  10,8   13:15   6,9   07:27   9,6   0,0   2,1   1,0  32,0   18:45   NNE
23   8,5   8,9   11:07   8,1   04:56   9,8   0,0  20,5   0,2  12,0   01:29    NE
24   9,9  11,9   20:52   8,4   00:53   8,4   0,0  14,0   0,0   0,0   00:00     N
25  11,4  17,0   14:22   8,3   23:58   6,8   0,0   0,0   0,8  34,0   23:24   NNE
26   9,7  13,4   14:17   7,2   06:22   8,6   0,0   0,0   8,1  76,0   02:26    NE
27   8,9   9,4   00:19   8,4   23:55   9,3   0,0  18,1   2,0  63,0   23:09   NNE
28   9,0  12,7   13:09   6,5   06:33   9,3   0,0   0,0   3,2  72,0   01:41    NE
29   7,6  12,5   14:21   4,1   08:05  10,7   0,0   0,0  15,1  75,0   04:29    NE
30   7,0  13,4   13:56   3,9   09:14  11,2   0,0   0,0   2,0  36,0   09:53   NNE
----------------------------------------------------------------------------------
     8,3  17,0    25     2,0    14   298,8   0,0 315,5   3,1  76,0    26     ENE

Max >=  30,0  0
Max <=  25,0 30
Min <=   0,0  0
Min <=  -5,0  0
Max Rain: 59,6 on day 3
Days of Rain: 21 (>= 0,2 mm)  18 (>= 2,0 mm)  4 (>= 20,0 mm)
Heat Base: 18,3  Cool Base: 18,3  Method: Integration