Rapporti sul clima in stile NOAA


Report for 2019 Dicembre
                   Monthly Climatological Summary for dic 2019

Name: Meteo Massone   City: Massone - Arco (TN)   State: Italia
Elevation: 130 m  Lat: N 45 55 23   Lon: E 010 54 02

                  Temperature (°C), Rain (mm), Wind Speed (km/h)

                                      Heat  Cool        Avg
    Mean                              Deg   Deg         Wind                 Dom
Day Temp  High   Time   Low    Time   Days  Days  Rain  Speed High   Time    Dir
----------------------------------------------------------------------------------
01   6,1   7,9   13:46   4,3   00:35  12,1   0,0   6,7   0,9  17,0   16:28    NE
02   6,9  10,1   22:57   4,8   03:42  11,4   0,0   8,5   1,9  65,0   07:02    NE
03   5,8  10,5   13:43   2,8   08:44  12,5   0,0   0,0   1,8  15,0   09:28    NE
04   3,9   8,2   13:13   1,1   07:35  14,4   0,0   0,0   2,1  15,0   09:14   NNE
05   3,1   8,9   14:02  -0,2   03:59  15,2   0,0   0,0   0,9  10,0   12:07   SSE
06   2,7   8,9   14:24  -0,6   06:13  15,5   0,0   0,0   1,1  12,0   03:07    NE
07   4,1  10,2   14:30   1,3   00:27  14,2   0,0   0,0   0,8  10,0   04:15   NNE
08   3,8   9,6   13:41   0,7   04:11  14,5   0,0   0,0   1,1  17,0   13:43     O
09   4,9   8,5   14:54   2,9   00:53  13,4   0,0   0,0   0,6  14,0   19:46   NNE
10   6,5  13,1   13:01   1,8   03:17  11,8   0,0   0,0   3,4  35,0   14:48     N
11   2,3   7,4   13:42  -1,2   07:59  16,0   0,0   0,0   1,1  16,0   00:08   NNE
12   1,8   3,6   15:24  -0,7   22:47  16,5   0,0   0,3   0,9  15,0   09:20   NNE
13   0,4   1,7   15:51  -1,2   01:06  17,5   0,0   3,6   1,2  18,0   06:08   NNE
14   3,4   9,1   14:49   0,3   00:32  14,9   0,0   0,3   2,7  25,0   06:35   NNE
15   4,3   9,1   13:04   0,7   04:31  13,9   0,0   0,0   1,5  17,0   08:12   NNE
16   6,7   7,8   15:02   4,8   00:47  11,6   0,0   0,3   1,0  15,0   06:35   NNE
17   8,8  10,4   17:19   7,1   00:00   9,4   0,0   0,0   1,3  17,0   06:30    NE
18  10,4  12,8   14:36   8,4   23:47   7,9   0,0   0,3   0,8  12,0   15:50   NNE
19  10,2  12,3   13:50   7,7   23:57   8,0   0,0   0,0   1,8  17,0   02:27   NNE
20   8,4   9,9   17:54   7,3   23:46   9,8   0,0  28,5   1,4  32,0   19:31   NNE
21   6,9   8,3   02:42   4,4   23:29  11,4   0,0  28,8   2,6  76,0   23:56   NNE
22   6,4   9,9   15:26   4,2   00:34  11,9   0,0  14,2  10,9  76,0   23:07    NE
23   6,9  13,1   15:19   3,8   06:08  11,4   0,0   0,0   3,2  72,0   02:24   NNE
24   5,9   9,9   14:53   3,1   06:00  12,3   0,0   0,0   2,3  21,0   09:27   NNE
25   6,3  13,1   14:17   2,0   06:57  12,0   0,0   0,0   1,6  15,0   00:06   NNE
26   6,4  11,8   13:51   2,9   08:52  11,9   0,0   0,0   1,4  13,0   05:56   NNE
27   4,9  11,0   14:48   2,1   08:26  13,3   0,0   0,0   1,1  17,0   04:40    NE
28   3,6   9,6   13:54   1,0   07:18  14,6   0,0   0,0   0,9  12,0   13:08    SE
29   2,4   6,9   14:36  -0,7   09:01  15,9   0,0   0,0   1,1  14,0   13:26     S
30   2,7   7,5   14:32  -0,3   07:50  15,6   0,0   0,0   0,9  19,0   13:21    SO
31   5,3  12,3   15:06   1,1   00:00  13,0   0,0   0,0   1,2  14,0   03:39   NNE
----------------------------------------------------------------------------------
     5,2  13,1    10    -1,2    11   403,8   0,0  91,5   1,8  76,0    21     NNE

Max >=  30,0  0
Max <=  25,0 31
Min <=   0,0  7
Min <=  -5,0  0
Max Rain: 28,8 on day 21
Days of Rain: 10 (>= 0,2 mm)  6 (>= 2,0 mm)  2 (>= 20,0 mm)
Heat Base: 18,3  Cool Base: 18,3  Method: Integration