Rapporti sul clima in stile NOAA


Report for 2020
                   Annual Climatological Summary for 2020

Name: Meteo Massone   City: Massone - Arco (TN)   State: Italia
Elevation: 130 m  Lat: N 45 55 23   Lon: E 010 54 02

                  Temperature (°C), Heat Base: 18,3  Cool Base: 18,3
                          Dep.  Heat  Cool                       Max  Max  Min  Min
        Mean  Mean        From  Deg   Deg                        >=   <=   <=   <=
 YR MO  Max   Min   Mean  Norm  Days  Days  Hi  Date  Low  Date 30,0 25,0  0,0  -5,0
------------------------------------------------------------------------------------
 20  1  10,5   1,3   4,9   5,9   416     0  14,1   5  -1,1   14    0   31    7    0
 20  2  12,6   3,4   7,6   8,6   311     0  16,9  14  -0,2    9    0   29    1    0
 20  3  13,0   5,1   8,8   9,8   293     0  19,3  19   0,0   24    0   32    1    0
 20  4  19,8   9,3  14,2  15,2   137    14  24,1  10   1,3    2    0   30    0    0
 20  5  22,5  13,3  17,9  18,9    54    42  25,8  19   9,3    1    0   27    0    0
 20  6  25,7  16,1  20,8  21,8    26   100  33,2  22  11,9   12    5   12    0    0
 20  7  29,3  22,0  24,9  25,9     0     7  29,3   1  22,0    1    0    0    0    0
 20  8
 20  9
 20 10
 20 11
 20 12
------------------------------------------------------------------------------------
        19,0  10,1  14,1  15,1  1237   162  33,2 giu  -1,1  gen    5  161    9    0

                                Precipitation (mm)

              Dep.   Max        Days of Rain
              From   Obs.           >=
 YR MO Total  Norm   Day Date  0,2  2,0 20,0
---------------------------------------------
 20  1   1,3   2,3   1,3  28     1    0    0
 20  2   2,4   3,4   1,3  14     3    0    0
 20  3  73,6  74,6  30,8   2     9    8    1
 20  4  43,0  44,0  22,3  29     4    3    1
 20  5  94,6  95,6  35,2  15    11    8    2
 20  6  85,3  86,3  18,9   4    11    9    0
 20  7   0,0   1,0   0,0   0     0    0    0
---------------------------------------------
       300,2 307,2  35,2  mag   39   28    4

                                Wind Speed (km/h)
                          Dom
 YR MO   Avg.  Hi   Date  Dir
------------------------------
 20  1   1,8  36,0   28   NNE
 20  2   3,2  50,0    5   ESE
 20  3   3,3  36,0   25    SE
 20  4   3,7  40,0   30   SSE
 20  5   4,0  42,0   23   SSE
 20  6   3,9  36,0    1   SSE
 20  7   2,6  21,0    1   SSE
 20  8
 20  9
 20 10
 20 11
 20 12
------------------------------
         3,2  50,0  feb    SE