Rapporti sul clima in stile NOAA


Report for 2020 Gennaio
                   Monthly Climatological Summary for gen 2020

Name: Meteo Massone   City: Massone - Arco (TN)   State: Italia
Elevation: 130 m  Lat: N 45 55 23   Lon: E 010 54 02

                  Temperature (°C), Rain (mm), Wind Speed (km/h)

                                      Heat  Cool        Avg
    Mean                              Deg   Deg         Wind                 Dom
Day Temp  High   Time   Low    Time   Days  Days  Rain  Speed High   Time    Dir
----------------------------------------------------------------------------------
01   5,6  11,3   13:03   2,5   23:05  12,7   0,0   0,0   1,6  13,0   14:03     N
02   4,8  11,1   15:15   1,0   08:44  13,5   0,0   0,0   1,2  19,0   09:51   NNE
03   4,8   9,3   13:43   2,3   23:52  13,4   0,0   0,0   0,9  13,0   13:48   NNE
04   6,1  13,0   14:22   1,8   01:16  12,2   0,0   0,0   2,2  30,0   22:41   NNE
05   8,7  14,1   14:29   2,8   23:57   9,5   0,0   0,0   3,3  25,0   02:08   NNE
06   3,2   8,4   15:09   0,6   08:13  15,1   0,0   0,0   0,5  13,0   12:43   SSO
07   2,7   8,7   14:00  -0,4   08:21  15,5   0,0   0,0   1,5  17,0   05:14   NNE
08   4,9  11,6   14:18   0,8   08:16  13,3   0,0   0,0   1,7  16,0   00:57    NE
09   4,4  11,5   13:58   0,6   23:58  13,9   0,0   0,0   0,9  14,0   15:10    NO
10   3,7  10,4   14:05  -0,2   00:29  14,5   0,0   0,0   1,4  11,0   23:10     N
11   6,1  13,6   14:29   2,3   00:25  12,2   0,0   0,0   1,9  19,0   06:30    NE
12   4,2  10,4   15:03   0,8   07:46  14,1   0,0   0,0   1,4  19,0   01:27    NE
13   2,9   8,7   13:15  -0,4   06:52  15,4   0,0   0,0   1,0  14,0   15:37     S
14   2,1   8,0   13:45  -1,1   07:04  16,2   0,0   0,0   0,9  17,0   14:34     S
15   2,4   7,4   13:43  -0,9   07:46  15,9   0,0   0,0   1,2  15,0   13:51    SO
16   3,9   9,4   13:34   0,8   04:16  14,4   0,0   0,0   1,9  14,0   14:29     N
17   5,6  10,8   14:17   1,1   07:02  12,7   0,0   0,0   1,8  18,0   00:52    NE
18   6,5   8,4   13:08   5,1   00:17  11,8   0,0   0,0   0,9  14,0   00:50    NE
19   6,6  10,8   14:02   2,3   09:18  11,7   0,0   0,0   6,1  27,0   17:57     N
20   4,9   9,1   13:45   0,5   23:05  13,4   0,0   0,0   3,4  32,0   03:40   NNE
21   2,9   9,9   14:11  -0,9   07:47  15,4   0,0   0,0   1,0  14,0   12:15    NE
22   3,9  11,6   14:09  -0,3   05:31  14,4   0,0   0,0   1,8  15,0   14:53     N
23   3,8  10,3   13:30   0,4   06:43  14,5   0,0   0,0   1,8  18,0   13:35   SSE
24   3,8   9,4   13:55   0,3   08:39  14,5   0,0   0,0   1,0  17,0   15:44    SE
25   5,4   9,3   13:52   2,7   00:21  12,9   0,0   0,0   0,9  12,0   16:08   SSO
26   6,3   9,4   14:58   3,1   23:16  12,0   0,0   0,0   1,5  18,0   01:58   NNE
27   5,9  10,9   13:36   1,7   09:00  12,4   0,0   0,0   1,8  17,0   16:15   SSE
28   7,3   9,1   16:48   4,8   23:54  11,0   0,0   1,3   4,8  36,0   17:14   SSE
29   6,1  13,6   14:58   2,0   07:05  12,2   0,0   0,0   1,7  16,0   14:51     N
30   5,7  11,8   13:12   1,8   05:11  12,6   0,0   0,0   2,6  21,0   14:43   ENE
31   5,6  12,9   14:03   2,1   06:45  12,6   0,0   0,0   1,6  18,0   07:41   SSE
----------------------------------------------------------------------------------
     4,9  14,1     5    -1,1    14   415,9   0,0   1,3   1,8  36,0    28      NE

Max >=  30,0  0
Max <=  25,0 31
Min <=   0,0  7
Min <=  -5,0  0
Max Rain: 1,3 on day 28
Days of Rain: 1 (>= 0,2 mm)  0 (>= 2,0 mm)  0 (>= 20,0 mm)
Heat Base: 18,3  Cool Base: 18,3  Method: Integration