Rapporti sul clima in stile NOAA


Report for 2020 Febbraio
                   Monthly Climatological Summary for feb 2020

Name: Meteo Massone   City: Massone - Arco (TN)   State: Italia
Elevation: 130 m  Lat: N 45 55 23   Lon: E 010 54 02

                  Temperature (°C), Rain (mm), Wind Speed (km/h)

                                      Heat  Cool        Avg
    Mean                              Deg   Deg         Wind                 Dom
Day Temp  High   Time   Low    Time   Days  Days  Rain  Speed High   Time    Dir
----------------------------------------------------------------------------------
01   6,2  11,3   12:52   2,4   01:32  12,0   0,0   0,0   1,4  16,0   14:11    SO
02   6,0   9,3   11:11   3,6   03:33  12,2   0,0   0,0   2,9  21,0   13:16    SE
03   6,1   9,6   13:26   3,3   07:56  12,2   0,0   0,0   2,6  18,0   13:56   SSE
04   8,8  16,4   12:29   4,3   22:45   9,5   0,0   0,0   4,9  38,0   14:42   NNO
05   7,4  12,9   13:07   2,0   05:21  10,9   0,0   0,0   7,5  50,0   17:12     N
06   6,3  11,1   13:01   3,0   05:49  12,0   0,0   0,0   4,6  23,0   02:19   ENE
07   5,0  10,9   13:28   1,1   07:59  13,3   0,0   0,0   2,4  20,0   13:35    SE
08   4,5  10,6   12:53   0,6   08:37  13,7   0,0   0,0   1,8  19,0   13:32   SSE
09   4,8   9,9   15:05  -0,2   07:20  13,5   0,0   0,0   2,4  21,0   14:40    SO
10   7,8  12,3   16:23   4,4   05:25  10,4   0,0   0,0   6,2  35,0   14:45     S
11   9,4  16,3   15:50   6,4   09:07   8,9   0,0   0,0   2,4  16,0   10:25   SSO
12   8,3  14,6   13:04   3,0   07:30  10,0   0,0   0,0   2,3  28,0   00:14   NNE
13   7,4  11,9   12:50   2,6   04:59  10,9   0,0   0,0   3,8  24,0   20:27   SSE
14   8,5  16,9   15:13   2,5   08:06   9,8   0,0   1,3   2,4  22,0   03:39   NNE
15   8,1  14,7   13:57   4,2   08:17  10,2   0,0   0,0   2,3  19,0   05:29   ESE
16   7,1  12,5   12:48   3,5   06:11  11,1   0,0   0,0   1,8  17,0   13:12     S
17   8,4  11,3   12:51   4,7   00:11   9,9   0,0   0,0   2,1  29,0   17:34   SSE
18   9,5  15,1   12:17   6,2   22:52   8,8   0,0   0,3   3,6  29,0   13:20     S
19   8,9  12,9   13:14   5,4   07:38   9,4   0,0   0,0   3,6  32,0   14:03     N
20   7,3  13,5   13:09   2,4   07:36  11,0   0,0   0,0   2,6  24,0   13:44   SSE
21   6,5  13,0   12:41   2,4   05:44  11,8   0,0   0,0   3,0  23,0   14:23   SSE
22   7,4  13,0   14:48   2,6   06:34  10,9   0,0   0,0   2,0  23,0   16:25   SSE
23   7,6  13,1   11:56   3,7   07:19  10,7   0,0   0,0   2,2  18,0   12:25     S
24   9,7  12,8   16:04   5,0   07:30   8,6   0,0   0,0   4,0  24,0   00:43    SE
25  11,8  12,8   00:00   8,8   23:27   6,4   0,0   0,0   0,7   7,0   12:48     S
26   8,9  11,6   12:59   6,2   23:58   9,4   0,0   0,8   4,1  41,0   10:13     N
27   6,7  10,9   12:03   0,2   07:17  11,6   0,0   0,0   7,6  35,0   15:07   SSE
28   7,8  14,0   14:01   2,4   06:09  10,5   0,0   0,0   2,9  29,0   07:52     N
29   6,8  10,4   11:27   2,8   05:49  11,5   0,0   0,0   1,9  22,0   04:08     S
----------------------------------------------------------------------------------
     7,6  16,9    14    -0,2     9   311,1   0,0   2,4   3,2  50,0     5      SE

Max >=  30,0  0
Max <=  25,0 29
Min <=   0,0  1
Min <=  -5,0  0
Max Rain: 1,3 on day 14
Days of Rain: 3 (>= 0,2 mm)  0 (>= 2,0 mm)  0 (>= 20,0 mm)
Heat Base: 18,3  Cool Base: 18,3  Method: Integration