Rapporti sul clima in stile NOAA


Report for 2020 Marzo
                   Monthly Climatological Summary for mar 2020

Name: Meteo Massone   City: Massone - Arco (TN)   State: Italia
Elevation: 130 m  Lat: N 45 55 23   Lon: E 010 54 02

                  Temperature (°C), Rain (mm), Wind Speed (km/h)

                                      Heat  Cool        Avg
    Mean                              Deg   Deg         Wind                 Dom
Day Temp  High   Time   Low    Time   Days  Days  Rain  Speed High   Time    Dir
----------------------------------------------------------------------------------
01   5,7   6,7   14:38   4,9   05:49  12,8   0,0   6,2   0,6  13,0   09:51   NNE
02   5,5   7,7   10:18   4,0   19:47  12,7   0,0  30,8   2,7  23,0   18:32     N
03   7,1  10,7   13:06   4,3   00:19  11,1   0,0   5,2   2,5  34,0   10:51   NNE
04   9,0  13,9   13:50   5,9   22:54   9,3   0,0   0,0   4,1  30,0   15:10   ENE
05   6,9   9,8   12:19   4,2   23:36  11,4   0,0   6,5   2,2  23,0   17:54    SE
06   6,9  15,1   14:45   2,9   07:19  11,4   0,0   5,2   2,8  26,0   15:15     S
07   9,4  16,4   13:41   4,3   03:40   8,9   0,0   0,0   3,3  32,0   19:37   NNO
08   8,3  13,6   13:06   3,1   08:14   9,9   0,0   0,0   4,0  26,0   13:20    SE
09   7,9  11,8   15:28   3,7   06:27  10,4   0,0   0,0   1,8  20,0   21:56     N
10   9,9  14,8   13:33   6,7   05:40   8,4   0,0   0,0   2,0  22,0   14:16   ENE
11   9,9  15,3   16:13   5,3   06:33   8,4   0,0   0,0   3,2  22,0   12:39   SSE
12   9,6  13,7   14:05   5,8   02:58   8,7   0,0   0,0   2,1  19,0   15:46   SSE
13  12,5  16,4   14:51  10,1   04:55   5,8   0,0   0,0   1,9  19,0   13:53   SSE
14   8,5  13,7   02:33   4,6   22:49   9,8   0,0   5,2   2,9  33,0   07:26     N
15   7,0  10,8   13:14   3,4   06:19  11,3   0,0   0,0   1,1  14,0   03:37   ENE
16   8,1  13,4   14:59   3,1   03:35  10,2   0,0   0,0   3,1  24,0   12:35   SSE
17   9,3  14,6   15:20   4,6   06:02   9,0   0,0   0,0   2,8  22,0   12:57   SSE
18  11,8  17,7   14:58   6,4   03:27   6,4   0,0   0,0   3,3  25,0   03:57   SSE
19  13,1  19,3   12:32   7,4   07:08   5,3   0,1   0,0   3,3  23,0   12:37    SE
20  13,3  18,4   12:08   8,1   06:54   5,0   0,0   0,0   4,2  26,0   16:00   SSE
21  11,7  14,7   14:38   7,9   06:14   6,6   0,0   0,0   3,5  27,0   15:19     S
22  10,5  12,3   14:16   9,1   05:10   7,8   0,0   0,3   4,0  26,0   14:30   SSE
23   6,3   9,4   00:00   2,4   23:58  12,0   0,0   0,0  10,8  35,0   03:51   SSE
24   5,8  11,0   11:57   0,0   05:09  12,5   0,0   0,0   5,7  34,0   15:27   SSE
25   5,8  10,3   14:35   1,4   06:01  12,5   0,0   0,0   4,8  36,0   18:45    SE
26   5,7   9,1   12:34   3,4   00:38  12,6   0,0   0,0   4,3  30,0   07:47   NNE
27   8,4  11,6   14:41   5,4   00:33   9,9   0,0   0,0   1,2  14,0   13:51   SSE
28  11,5  17,1   15:57   5,1   06:36   6,8   0,0   8,8   3,6  26,0   13:55   SSE
29  13,0  16,7   16:41   9,3   05:14   5,1   0,0   0,0   2,0  19,0   20:40    NE
30   8,8  12,5   00:06   6,6   21:13   9,4   0,0   5,4   4,8  25,0   11:42     N
31   6,6   8,8   15:23   5,1   07:48   8,2   0,0   0,0   4,4  36,0   15:13   SSE
----------------------------------------------------------------------------------
     8,8  19,3    19     0,0    24   289,6   0,1  73,6   3,3  36,0    25      SE

Max >=  30,0  0
Max <=  25,0 31
Min <=   0,0  1
Min <=  -5,0  0
Max Rain: 30,8 on day 2
Days of Rain: 9 (>= 0,2 mm)  8 (>= 2,0 mm)  1 (>= 20,0 mm)
Heat Base: 18,3  Cool Base: 18,3  Method: Integration