Rapporti sul clima in stile NOAA


Report for 2020 Aprile
                   Monthly Climatological Summary for apr 2020

Name: Meteo Massone   City: Massone - Arco (TN)   State: Italia
Elevation: 130 m  Lat: N 45 55 23   Lon: E 010 54 02

                  Temperature (°C), Rain (mm), Wind Speed (km/h)

                                      Heat  Cool        Avg
    Mean                              Deg   Deg         Wind                 Dom
Day Temp  High   Time   Low    Time   Days  Days  Rain  Speed High   Time    Dir
----------------------------------------------------------------------------------
01   5,9   9,6   15:02   3,1   01:13  12,4   0,0   0,0   5,3  26,0   15:22   SSE
02   6,8  12,4   17:02   1,3   06:22  11,5   0,0   0,0   4,1  27,0   15:09   SSE
03   8,8  14,8   17:05   3,3   06:35   9,5   0,0   0,0   4,0  28,0   12:44   SSE
04  11,3  17,4   15:08   5,4   06:52   7,0   0,0   0,0   3,4  32,0   14:55   SSE
05  12,0  18,5   13:18   6,1   07:06   6,3   0,0   0,0   3,5  28,0   14:08   SSE
06  13,6  22,1   14:21   7,4   05:40   5,2   0,5   0,0   3,0  27,0   15:09   SSE
07  14,4  20,3   15:50   9,1   03:34   4,3   0,4   0,0   4,3  30,0   13:06    SE
08  14,2  20,3   16:08   8,5   08:08   4,5   0,4   0,0   4,0  28,0   13:19   SSE
09  14,8  21,5   12:52   8,5   07:17   4,3   0,8   0,0   3,4  28,0   14:47   SSE
10  16,8  24,1   14:55   9,7   06:58   3,1   1,6   0,0   3,7  27,0   15:16    SE
11  17,4  23,8   17:01  11,9   06:40   2,5   1,6   0,0   3,4  25,0   13:15    SE
12  17,0  22,8   16:04  11,4   03:38   2,6   1,3   0,0   3,9  30,0   16:29   SSE
13  16,7  21,8   15:54  11,9   03:56   2,4   0,8   0,0   4,6  32,0   16:19   SSE
14  15,5  23,3   15:55  11,1   07:53   3,5   0,7   0,0   3,6  32,0   16:10   OSO
15  12,0  15,1   16:23   9,2   23:54   6,3   0,0   0,0   9,0  30,0   13:59   SSE
16  13,2  18,8   16:09   7,8   04:55   5,1   0,0   0,0   3,9  28,0   16:22   SSE
17  14,4  20,6   16:37   8,1   06:48   4,2   0,3   0,0   4,2  26,0   17:18     S
18  15,7  21,4   15:49   9,8   06:52   3,2   0,6   0,0   4,7  26,0   11:38   SSE
19  17,0  22,6   16:14  11,0   06:38   2,4   1,1   0,0   4,4  27,0   15:05   SSE
20  15,8  18,2   00:00  13,9   23:46   2,5   0,0   0,0   0,7  12,0   01:28   NNE
21  13,5  17,1   17:48   9,8   23:55   4,8   0,0   2,3   2,5  17,0   14:58   SSE
22  14,8  22,1   13:39   7,6   05:30   4,3   0,8   0,0   3,9  27,0   16:26   SSE
23  15,1  20,4   16:13   9,4   04:52   3,6   0,4   0,0   4,6  32,0   15:39   SSE
24  16,1  22,3   16:21   9,9   05:16   3,2   1,1   0,0   2,9  28,0   16:33   SSE
25  17,0  22,4   15:27  11,6   07:13   2,3   1,0   0,0   2,8  19,0   12:46     S
26  17,3  21,4   17:55  14,1   06:31   1,5   0,5   0,0   3,8  27,0   14:20     S
27  16,9  20,6   17:44  13,1   05:00   1,7   0,4   0,0   3,5  28,0   13:36   SSE
28  14,7  17,9   13:53  12,8   08:26   3,5   0,0   0,3   1,3  27,0   14:57     S
29  14,0  19,3   18:00  11,3   11:32   4,4   0,1  22,3   1,7  27,0   11:09   NNO
30  13,8  19,8   15:23   9,9   07:16   4,6   0,1  18,1   2,1  40,0   02:21    SE
----------------------------------------------------------------------------------
    14,2  24,1    10     1,3     2   136,7  14,5  43,0   3,7  40,0    30     SSE

Max >=  30,0  0
Max <=  25,0 30
Min <=   0,0  0
Min <=  -5,0  0
Max Rain: 22,3 on day 29
Days of Rain: 4 (>= 0,2 mm)  3 (>= 2,0 mm)  1 (>= 20,0 mm)
Heat Base: 18,3  Cool Base: 18,3  Method: Integration