Rapporti sul clima in stile NOAA


Report for 2020 Maggio
                   Monthly Climatological Summary for mag 2020

Name: Meteo Massone   City: Massone - Arco (TN)   State: Italia
Elevation: 130 m  Lat: N 45 55 23   Lon: E 010 54 02

                  Temperature (°C), Rain (mm), Wind Speed (km/h)

                                      Heat  Cool        Avg
    Mean                              Deg   Deg         Wind                 Dom
Day Temp  High   Time   Low    Time   Days  Days  Rain  Speed High   Time    Dir
----------------------------------------------------------------------------------
01  14,5  18,6   12:12   9,3   06:34   3,8   0,0   0,0   7,3  36,0   18:52    SE
02  16,1  21,9   17:07  10,5   04:53   3,0   0,8   0,0   3,3  34,0   16:02   SSE
03  18,0  22,7   13:16  14,1   07:54   1,3   0,9   0,0   7,0  34,0   16:14     E
04  16,9  22,0   18:00  11,1   07:39   2,3   0,9   0,0   4,7  35,0   16:35   SSE
05  16,2  21,4   17:03  11,3   05:59   2,7   0,5   0,0   2,2  26,0   16:03   SSE
06  16,9  20,7   13:11  13,0   06:29   1,8   0,4   0,0   4,6  39,0   13:33   SSE
07  16,8  22,1   17:18  11,4   05:07   2,5   1,0   0,0   4,2  28,0   18:06   SSE
08  18,1  23,9   17:01  11,5   06:37   2,2   2,1   0,0   4,1  27,0   15:43   SSE
09  18,9  24,5   17:12  13,1   06:27   1,5   2,1   0,0   5,1  28,0   16:32   SSE
10  18,9  22,9   16:35  15,3   04:40   0,9   1,5   0,0   3,0  28,0   17:05   SSE
11  14,9  18,7   00:04  12,6   08:40   3,4   0,0  35,0   1,6  25,0   09:10   SSE
12  16,5  22,0   18:45  11,9   00:49   2,6   0,8   4,1   4,6  27,0   12:51   SSE
13  15,1  16,4   17:16  14,2   04:58   3,2   0,0   0,3   2,4  22,0   11:21   SSE
14  18,3  23,0   15:08  13,0   05:52   1,7   1,8   2,1   3,0  24,0   16:23   SSE
15  15,4  18,7   17:13  13,8   08:52   2,9   0,0  35,2   1,9  27,0   02:47   ESE
16  17,6  21,6   13:51  13,3   01:34   1,8   1,0   0,3   4,9  32,0   16:51   SSE
17  20,7  23,6   15:29  18,1   09:19   0,0   2,4   7,0   3,7  23,0   10:29   SSE
18  20,0  24,5   14:34  14,9   06:22   0,6   2,3   0,0   3,4  26,0   12:06    SE
19  18,8  25,8   12:47  15,6   22:52   0,6   1,1   5,2   2,8  27,0   09:55     N
20  19,6  25,3   15:28  14,6   06:31   1,2   2,4   0,0   2,9  22,0   15:01   SSE
21  19,3  24,8   17:09  13,0   06:09   1,4   2,4   0,0   4,3  29,0   16:42   SSE
22  19,4  24,0   14:08  14,1   06:25   1,1   2,3   0,0   3,0  23,0   14:08     S
23  20,9  25,7   16:19  16,8   23:58   0,3   2,9   2,6   6,0  42,0   22:23   SSE
24  19,1  25,2   14:27  13,4   06:03   1,3   2,1   0,0   3,8  29,0   08:24     E
25  19,2  24,8   15:31  12,4   05:57   1,5   2,4   0,0   4,4  30,0   14:39   SSE
26  19,3  23,5   16:47  13,5   07:12   1,0   2,0   0,0   5,8  32,0   14:26   SSE
27  18,2  22,9   16:37  11,8   07:15   1,8   1,7   0,0   5,4  32,0   17:06   SSE
28  18,7  24,5   13:22  13,0   05:17   1,6   2,0   0,0   2,4  30,0   17:36     S
29  18,3  21,3   16:29  13,9   04:44   0,7   0,7   0,5   5,7  33,0   01:03   SSE
30  17,4  20,6   15:58  14,4   04:35   1,4   0,5   0,0   3,1  33,0   11:51   SSE
31  16,4  20,6   18:24  12,8   05:38   2,4   0,5   2,3   4,0  27,0   12:59   SSE
----------------------------------------------------------------------------------
    17,9  25,8    19     9,3     1    54,5  41,5  94,6   4,0  42,0    23     SSE

Max >=  30,0  0
Max <=  25,0 27
Min <=   0,0  0
Min <=  -5,0  0
Max Rain: 35,2 on day 15
Days of Rain: 11 (>= 0,2 mm)  8 (>= 2,0 mm)  2 (>= 20,0 mm)
Heat Base: 18,3  Cool Base: 18,3  Method: Integration