Rapporti sul clima in stile NOAA


Report for 2020 Luglio
                   Monthly Climatological Summary for lug 2020

Name: Meteo Massone   City: Massone - Arco (TN)   State: Italia
Elevation: 130 m  Lat: N 45 55 23   Lon: E 010 54 02

                  Temperature (°C), Rain (mm), Wind Speed (km/h)

                                      Heat  Cool        Avg
    Mean                              Deg   Deg         Wind                 Dom
Day Temp  High   Time   Low    Time   Days  Days  Rain  Speed High   Time    Dir
----------------------------------------------------------------------------------
01  24,9  29,3   16:25  22,0   05:14   0,0   6,6   0,0   2,6  21,0   23:06     S
02  23,3  29,0   15:59  19,1   06:23   0,0   5,0   7,3   2,7  26,0   13:15   SSE
03  21,9  28,9   12:59  17,4   06:12   0,1   3,7   7,5   2,6  33,0   00:16   SSE
04  23,3  27,6   16:19  18,9   03:41   0,0   5,0   0,0   5,5  35,0   13:46   SSE
05  24,0  28,9   17:46  18,7   06:05   0,0   5,7   0,0   4,9  30,0   15:25   SSE
06  25,7  30,9   16:21  20,1   05:57   0,0   7,7   0,0   7,2  38,0   15:29   SSE
07  23,2  26,1   10:54  20,4   07:57   0,0   4,9   0,0  10,3  36,0   11:08   ESE
08  22,8  26,8   15:15  19,0   06:03   0,0   4,5   0,0   4,5  31,0   14:40   SSE
09  23,6  29,1   17:33  17,6   05:21   0,1   5,3   0,0   3,6  29,0   16:03   SSE
10  25,6  30,4   16:20  20,0   06:44   0,0   7,3   0,0   5,6  36,0   17:32   SSE
11  21,4  25,3   14:27  17,9   16:46   0,0   3,1  13,0   2,9  35,0   15:32     N
12  21,0  25,8   17:22  15,4   06:42   0,6   3,3  23,9   3,7  32,0   14:06   SSE
13  22,2  25,3   16:40  18,9   07:18   0,0   3,9   0,0   6,1  35,0   16:47   SSE
14  20,5  24,7   17:31  17,1   05:49   0,2   2,4   0,0   2,6  21,0   02:29   SSE
15  20,6  26,1   14:20  17,9   01:59   0,0   2,3   2,8   2,5  19,0   15:29   SSE
16  21,6  26,2   16:24  16,7   04:39   0,2   3,5   0,0   3,1  26,0   12:59   SSE
17  21,2  21,5   00:00  20,9   04:01   0,0   0,5   0,0   0,0   6,0   00:17     E
18  20,9  20,9   00:00  20,9   00:00   0,0   0,0   0,0  ----   0,0   00:00     N
19  20,9  20,9   00:00  20,9   00:00   0,0   0,0   0,0  ----   0,0   00:00     N
20  20,9  20,9   00:00  20,9   00:00   0,0   0,0   0,0  ----   0,0   00:00     N
21  20,9  20,9   00:00  20,9   00:00   0,0   0,0   0,0  ----   0,0   00:00     N
22  20,9  20,9   00:00  20,9   00:00   0,0   0,0   0,0  ----   0,0   00:00     N
23  20,9  20,9   00:00  20,9   00:00   0,0   0,0   0,0  ----   0,0   00:00     N
24  20,9  20,9   00:00  20,9   00:00   0,0   0,0   0,0  ----   0,0   00:00     N
25  23,4  28,8   18:10  19,5   23:59   0,0   1,2  62,4   2,1  19,0   18:13    SE
26  23,4  28,8   17:22  18,2   04:38   0,0   5,1   0,0   4,3  27,0   15:25     S
27  24,8  29,8   12:44  19,7   06:33   0,0   6,4   0,0   3,2  24,0   17:54   SSE
28  25,8  30,9   16:08  20,4   06:45   0,0   7,5   0,5   4,0  31,0   16:31   SSE
29  26,0  31,3   16:53  20,1   06:07   0,0   7,7   0,0   4,3  32,0   16:25   SSE
30  26,9  33,0   12:56  23,0   06:00   0,0   8,6   0,3   2,8  31,0   15:29   SSE
31  27,9  34,3   13:55  23,1   08:07   0,0   9,6   0,0   4,9  31,0   19:46    NE
----------------------------------------------------------------------------------
    22,9  34,3    31    15,4    12     1,2 120,8 117,7   4,2  38,0     6     SSE

Max >=  30,0  6
Max <=  25,0  9
Min <=   0,0  0
Min <=  -5,0  0
Max Rain: 62,4 on day 25
Days of Rain: 8 (>= 0,2 mm)  6 (>= 2,0 mm)  2 (>= 20,0 mm)
Heat Base: 18,3  Cool Base: 18,3  Method: Integration