Rapporti sul clima in stile NOAA


Report for 2020 Agosto
                   Monthly Climatological Summary for ago 2020

Name: Meteo Massone   City: Massone - Arco (TN)   State: Italia
Elevation: 130 m  Lat: N 45 55 23   Lon: E 010 54 02

                  Temperature (°C), Rain (mm), Wind Speed (km/h)

                                      Heat  Cool        Avg
    Mean                              Deg   Deg         Wind                 Dom
Day Temp  High   Time   Low    Time   Days  Days  Rain  Speed High   Time    Dir
----------------------------------------------------------------------------------
01  28,1  34,5   13:03  22,0   06:32   0,0   9,8   0,0   5,4  40,0   22:48   ENE
02  26,1  31,6   13:39  22,3   05:58   0,0   7,8   1,3   3,3  33,0   01:18     E
03  20,3  25,8   12:30  17,4   23:56   0,1   2,1  37,6   1,9  29,0   01:03   NNE
04  18,6  22,6   21:50  14,8   10:38   0,9   1,2  15,0   3,8  32,0   04:02     N
05  21,8  26,4   16:27  16,4   08:40   0,2   3,7   0,0   4,5  31,0   13:55    SE
06  23,0  29,3   13:24  17,1   08:07   0,3   5,0   0,3   3,7  26,0   15:39   SSE
07  24,1  29,8   16:01  19,1   04:43   0,0   5,8   0,3   2,5  20,0   13:17   SSE
08  26,0  32,9   13:53  20,3   05:59   0,0   7,7   0,0   2,3  19,0   14:06   SSE
09  25,7  32,3   14:29  20,4   07:39   0,0   7,4   0,0   2,5  19,0   16:29   SSE
10  26,5  32,4   15:30  21,7   07:25   0,0   8,2   0,0   3,6  25,0   19:10   ESE
11  26,1  32,3   14:08  21,1   06:07   0,0   7,8   0,0   3,0  26,0   00:45   ENE
----------------------------------------------------------------------------------
    24,2  34,5     1    14,8     4     1,5  66,5  54,5   3,3  40,0     1     ESE

Max >=  30,0  6
Max <=  25,0  1
Min <=   0,0  0
Min <=  -5,0  0
Max Rain: 37,6 on day 3
Days of Rain: 5 (>= 0,2 mm)  2 (>= 2,0 mm)  1 (>= 20,0 mm)
Heat Base: 18,3  Cool Base: 18,3  Method: Integration